Last updated on 2022-04-24 03:52:36 CEST.
Flavor | Version | Tinstall | Tcheck | Ttotal | Status | Flags |
---|---|---|---|---|---|---|
r-devel-linux-x86_64-debian-clang | 0.1.5 | 35.34 | 334.40 | 369.74 | OK | |
r-devel-linux-x86_64-debian-gcc | 0.1.5 | 27.93 | 240.59 | 268.52 | OK | |
r-devel-linux-x86_64-fedora-clang | 0.1.5 | 473.99 | NOTE | |||
r-devel-linux-x86_64-fedora-gcc | 0.1.5 | 441.06 | NOTE | |||
r-patched-linux-x86_64 | 0.1.5 | 30.62 | 312.45 | 343.07 | OK | |
r-release-linux-x86_64 | 0.1.5 | 28.72 | 286.73 | 315.45 | OK | |
r-release-macos-arm64 | 0.1.5 | NOTE | ||||
r-release-macos-x86_64 | 0.1.5 | NOTE | ||||
r-release-windows-x86_64 | 0.1.5 | 33.00 | 304.00 | 337.00 | OK | |
r-oldrel-macos-arm64 | 0.1.5 | NOTE | ||||
r-oldrel-macos-x86_64 | 0.1.5 | NOTE | ||||
r-oldrel-windows-ix86+x86_64 | 0.1.5 | 70.00 | 304.00 | 374.00 | OK |
Version: 0.1.5
Check: dependencies in R code
Result: NOTE
Namespace in Imports field not imported from: ‘rgeos’
All declared Imports should be used.
Flavors: r-devel-linux-x86_64-fedora-clang, r-devel-linux-x86_64-fedora-gcc, r-release-macos-arm64, r-release-macos-x86_64, r-oldrel-macos-arm64, r-oldrel-macos-x86_64