Last updated on 2022-04-24 03:52:36 CEST.
Flavor | Version | Tinstall | Tcheck | Ttotal | Status | Flags |
---|---|---|---|---|---|---|
r-devel-linux-x86_64-debian-clang | 1.1.2 | 10.34 | 159.26 | 169.60 | OK | |
r-devel-linux-x86_64-debian-gcc | 1.1.2 | 7.60 | 121.08 | 128.68 | OK | |
r-devel-linux-x86_64-fedora-clang | 1.1.2 | 201.50 | NOTE | |||
r-devel-linux-x86_64-fedora-gcc | 1.1.2 | 186.96 | NOTE | |||
r-patched-linux-x86_64 | 1.1.2 | 10.25 | 154.11 | 164.36 | OK | |
r-release-linux-x86_64 | 1.1.2 | 5.92 | 148.18 | 154.10 | OK | |
r-release-macos-arm64 | 1.1.2 | NOTE | ||||
r-release-macos-x86_64 | 1.1.2 | NOTE | ||||
r-release-windows-x86_64 | 1.1.2 | 42.00 | 179.00 | 221.00 | OK | |
r-oldrel-macos-arm64 | 1.1.2 | NOTE | ||||
r-oldrel-macos-x86_64 | 1.1.2 | NOTE | ||||
r-oldrel-windows-ix86+x86_64 | 1.1.2 | 18.00 | 174.00 | 192.00 | OK |
Version: 1.1.2
Check: dependencies in R code
Result: NOTE
Namespace in Imports field not imported from: ‘qtl’
All declared Imports should be used.
Flavors: r-devel-linux-x86_64-fedora-clang, r-devel-linux-x86_64-fedora-gcc, r-release-macos-arm64, r-release-macos-x86_64, r-oldrel-macos-arm64, r-oldrel-macos-x86_64