Last updated on 2022-04-24 03:52:36 CEST.
Flavor | Version | Tinstall | Tcheck | Ttotal | Status | Flags |
---|---|---|---|---|---|---|
r-devel-linux-x86_64-debian-clang | 0.99.6 | 5.63 | 117.13 | 122.76 | NOTE | |
r-devel-linux-x86_64-debian-gcc | 0.99.6 | 4.93 | 84.24 | 89.17 | NOTE | |
r-devel-linux-x86_64-fedora-clang | 0.99.6 | 144.44 | NOTE | |||
r-devel-linux-x86_64-fedora-gcc | 0.99.6 | 128.34 | NOTE | |||
r-patched-linux-x86_64 | 0.99.6 | 6.46 | 110.76 | 117.22 | NOTE | |
r-release-linux-x86_64 | 0.99.6 | 3.92 | 120.15 | 124.07 | NOTE | |
r-release-macos-arm64 | 0.99.6 | NOTE | ||||
r-release-macos-x86_64 | 0.99.6 | NOTE | ||||
r-release-windows-x86_64 | 0.99.6 | 87.00 | 158.00 | 245.00 | NOTE | |
r-oldrel-macos-arm64 | 0.99.6 | NOTE | ||||
r-oldrel-macos-x86_64 | 0.99.6 | NOTE | ||||
r-oldrel-windows-ix86+x86_64 | 0.99.6 | 12.00 | 152.00 | 164.00 | NOTE |
Version: 0.99.6
Check: LazyData
Result: NOTE
'LazyData' is specified without a 'data' directory
Flavors: r-devel-linux-x86_64-debian-clang, r-devel-linux-x86_64-debian-gcc, r-devel-linux-x86_64-fedora-clang, r-devel-linux-x86_64-fedora-gcc, r-patched-linux-x86_64, r-release-linux-x86_64, r-release-macos-arm64, r-release-macos-x86_64, r-release-windows-x86_64, r-oldrel-macos-arm64, r-oldrel-macos-x86_64, r-oldrel-windows-ix86+x86_64
Version: 0.99.6
Check: dependencies in R code
Result: NOTE
Namespace in Imports field not imported from: ‘data.table’
All declared Imports should be used.
Flavors: r-devel-linux-x86_64-fedora-clang, r-devel-linux-x86_64-fedora-gcc, r-release-macos-arm64, r-release-macos-x86_64, r-oldrel-macos-arm64, r-oldrel-macos-x86_64