Last updated on 2022-04-24 03:52:37 CEST.
Flavor | Version | Tinstall | Tcheck | Ttotal | Status | Flags |
---|---|---|---|---|---|---|
r-devel-linux-x86_64-debian-clang | 0.2.2 | 8.09 | 75.69 | 83.78 | NOTE | |
r-devel-linux-x86_64-debian-gcc | 0.2.2 | 5.60 | 55.48 | 61.08 | NOTE | |
r-devel-linux-x86_64-fedora-clang | 0.2.2 | 96.72 | NOTE | |||
r-devel-linux-x86_64-fedora-gcc | 0.2.2 | 84.08 | NOTE | |||
r-patched-linux-x86_64 | 0.2.2 | 5.75 | 70.22 | 75.97 | NOTE | |
r-release-linux-x86_64 | 0.2.2 | 4.32 | 65.10 | 69.42 | NOTE | |
r-release-macos-arm64 | 0.2.2 | NOTE | ||||
r-release-macos-x86_64 | 0.2.2 | NOTE | ||||
r-release-windows-x86_64 | 0.2.2 | 24.00 | 89.00 | 113.00 | NOTE | |
r-oldrel-macos-arm64 | 0.2.2 | NOTE | ||||
r-oldrel-macos-x86_64 | 0.2.2 | NOTE | ||||
r-oldrel-windows-ix86+x86_64 | 0.2.2 | 17.00 | 85.00 | 102.00 | NOTE |
Version: 0.2.2
Check: LazyData
Result: NOTE
'LazyData' is specified without a 'data' directory
Flavors: r-devel-linux-x86_64-debian-clang, r-devel-linux-x86_64-debian-gcc, r-devel-linux-x86_64-fedora-clang, r-devel-linux-x86_64-fedora-gcc, r-patched-linux-x86_64, r-release-linux-x86_64, r-release-macos-arm64, r-release-macos-x86_64, r-release-windows-x86_64, r-oldrel-macos-arm64, r-oldrel-macos-x86_64, r-oldrel-windows-ix86+x86_64