Last updated on 2022-04-24 03:52:37 CEST.
Flavor | Version | Tinstall | Tcheck | Ttotal | Status | Flags |
---|---|---|---|---|---|---|
r-devel-linux-x86_64-debian-clang | 0.1.0 | 34.66 | 303.59 | 338.25 | NOTE | |
r-devel-linux-x86_64-debian-gcc | 0.1.0 | 27.41 | 217.29 | 244.70 | NOTE | |
r-devel-linux-x86_64-fedora-clang | 0.1.0 | 431.25 | NOTE | |||
r-devel-linux-x86_64-fedora-gcc | 0.1.0 | 415.66 | NOTE | |||
r-patched-linux-x86_64 | 0.1.0 | 32.25 | 287.29 | 319.54 | NOTE | |
r-release-linux-x86_64 | 0.1.0 | 20.45 | 262.38 | 282.83 | NOTE | |
r-release-macos-arm64 | 0.1.0 | NOTE | ||||
r-release-macos-x86_64 | 0.1.0 | NOTE | ||||
r-release-windows-x86_64 | 0.1.0 | 33.00 | 302.00 | 335.00 | NOTE | |
r-oldrel-macos-arm64 | 0.1.0 | NOTE | ||||
r-oldrel-macos-x86_64 | 0.1.0 | NOTE | ||||
r-oldrel-windows-ix86+x86_64 | 0.1.0 | 81.00 | 325.00 | 406.00 | NOTE |
Version: 0.1.0
Check: LazyData
Result: NOTE
'LazyData' is specified without a 'data' directory
Flavors: r-devel-linux-x86_64-debian-clang, r-devel-linux-x86_64-debian-gcc, r-devel-linux-x86_64-fedora-clang, r-devel-linux-x86_64-fedora-gcc, r-patched-linux-x86_64, r-release-linux-x86_64, r-release-macos-arm64, r-release-macos-x86_64, r-release-windows-x86_64, r-oldrel-macos-arm64, r-oldrel-macos-x86_64, r-oldrel-windows-ix86+x86_64