Last updated on 2022-04-24 03:52:37 CEST.
Flavor | Version | Tinstall | Tcheck | Ttotal | Status | Flags |
---|---|---|---|---|---|---|
r-devel-linux-x86_64-debian-clang | 1.1.4 | 8.91 | 85.66 | 94.57 | OK | |
r-devel-linux-x86_64-debian-gcc | 1.1.4 | 6.71 | 61.88 | 68.59 | OK | |
r-devel-linux-x86_64-fedora-clang | 1.1.4 | 109.64 | NOTE | |||
r-devel-linux-x86_64-fedora-gcc | 1.1.4 | 95.89 | NOTE | |||
r-patched-linux-x86_64 | 1.1.4 | 10.10 | 78.64 | 88.74 | OK | |
r-release-linux-x86_64 | 1.1.4 | 5.89 | 74.07 | 79.96 | OK | |
r-release-macos-arm64 | 1.1.4 | NOTE | ||||
r-release-macos-x86_64 | 1.1.4 | NOTE | ||||
r-release-windows-x86_64 | 1.1.4 | 34.00 | 110.00 | 144.00 | OK | |
r-oldrel-macos-arm64 | 1.1.4 | NOTE | ||||
r-oldrel-macos-x86_64 | 1.1.4 | NOTE | ||||
r-oldrel-windows-ix86+x86_64 | 1.1.4 | 20.00 | 93.00 | 113.00 | OK |
Version: 1.1.4
Check: dependencies in R code
Result: NOTE
Namespaces in Imports field not imported from:
‘bitops’ ‘httpuv’
All declared Imports should be used.
Flavors: r-devel-linux-x86_64-fedora-clang, r-devel-linux-x86_64-fedora-gcc, r-release-macos-arm64, r-release-macos-x86_64, r-oldrel-macos-arm64, r-oldrel-macos-x86_64