Last updated on 2022-04-24 03:52:37 CEST.
Flavor | Version | Tinstall | Tcheck | Ttotal | Status | Flags |
---|---|---|---|---|---|---|
r-devel-linux-x86_64-debian-clang | 0.2.5.2 | 169.45 | 174.56 | 344.01 | WARN | |
r-devel-linux-x86_64-debian-gcc | 0.2.5.2 | 128.85 | 135.65 | 264.50 | OK | |
r-devel-linux-x86_64-fedora-clang | 0.2.5.2 | 513.96 | WARN | |||
r-devel-linux-x86_64-fedora-gcc | 0.2.5.2 | 429.84 | NOTE | |||
r-patched-linux-x86_64 | 0.2.5.2 | 151.82 | 165.20 | 317.02 | OK | |
r-release-linux-x86_64 | 0.2.5.2 | 138.73 | 160.28 | 299.01 | OK | |
r-release-macos-arm64 | 0.2.5.2 | NOTE | ||||
r-release-macos-x86_64 | 0.2.5.2 | NOTE | ||||
r-release-windows-x86_64 | 0.2.5.2 | 138.00 | 216.00 | 354.00 | NOTE | |
r-oldrel-macos-arm64 | 0.2.5.2 | NOTE | ||||
r-oldrel-macos-x86_64 | 0.2.5.2 | NOTE | ||||
r-oldrel-windows-ix86+x86_64 | 0.2.5.2 | 381.00 | 283.00 | 664.00 | NOTE |
Version: 0.2.5.2
Check: whether package can be installed
Result: WARN
Found the following significant warnings:
line_AABB_rcpp.cpp:59:6: warning: use of bitwise '&' with boolean operands [-Wbitwise-instead-of-logical]
line_AABB_rcpp.cpp:60:8: warning: use of bitwise '&' with boolean operands [-Wbitwise-instead-of-logical]
line_AABB_rcpp.cpp:61:10: warning: use of bitwise '&' with boolean operands [-Wbitwise-instead-of-logical]
line_AABB_rcpp.cpp:70:6: warning: use of bitwise '&' with boolean operands [-Wbitwise-instead-of-logical]
line_AABB_rcpp.cpp:71:8: warning: use of bitwise '&' with boolean operands [-Wbitwise-instead-of-logical]
line_AABB_rcpp.cpp:72:10: warning: use of bitwise '&' with boolean operands [-Wbitwise-instead-of-logical]
Flavors: r-devel-linux-x86_64-debian-clang, r-devel-linux-x86_64-fedora-clang
Version: 0.2.5.2
Check: installed package size
Result: NOTE
installed size is 7.8Mb
sub-directories of 1Mb or more:
data 3.4Mb
extdata 1.4Mb
libs 2.7Mb
Flavors: r-devel-linux-x86_64-fedora-clang, r-release-macos-arm64, r-release-macos-x86_64, r-release-windows-x86_64, r-oldrel-macos-arm64, r-oldrel-macos-x86_64, r-oldrel-windows-ix86+x86_64
Version: 0.2.5.2
Check: dependencies in R code
Result: NOTE
Namespaces in Imports field not imported from:
‘Rcpp’ ‘RcppProgress’
All declared Imports should be used.
Flavors: r-devel-linux-x86_64-fedora-clang, r-devel-linux-x86_64-fedora-gcc, r-release-macos-arm64, r-release-macos-x86_64, r-oldrel-macos-arm64, r-oldrel-macos-x86_64