Last updated on 2022-04-24 03:52:37 CEST.
Flavor | Version | Tinstall | Tcheck | Ttotal | Status | Flags |
---|---|---|---|---|---|---|
r-devel-linux-x86_64-debian-clang | 4.23.1-2 | 141.41 | 206.78 | 348.19 | NOTE | |
r-devel-linux-x86_64-debian-gcc | 4.23.1-2 | 128.16 | 148.76 | 276.92 | NOTE | |
r-devel-linux-x86_64-fedora-clang | 4.23.1-2 | 482.18 | NOTE | |||
r-devel-linux-x86_64-fedora-gcc | 4.23.1-2 | 439.10 | NOTE | |||
r-patched-linux-x86_64 | 4.23.1-2 | 137.03 | 186.62 | 323.65 | NOTE | |
r-release-linux-x86_64 | 4.23.1-2 | 138.90 | 193.30 | 332.20 | NOTE | |
r-release-macos-arm64 | 4.23.1-2 | NOTE | ||||
r-release-macos-x86_64 | 4.23.1-2 | NOTE | ||||
r-release-windows-x86_64 | 4.23.1-2 | 160.00 | 269.00 | 429.00 | NOTE | |
r-oldrel-macos-arm64 | 4.23.1-2 | NOTE | ||||
r-oldrel-macos-x86_64 | 4.23.1-2 | NOTE | ||||
r-oldrel-windows-ix86+x86_64 | 4.23.1-2 | 346.00 | 326.00 | 672.00 | NOTE |
Version: 4.23.1-2
Check: for GNU extensions in Makefiles
Result: NOTE
GNU make is a SystemRequirements.
Flavors: r-devel-linux-x86_64-debian-clang, r-devel-linux-x86_64-debian-gcc, r-devel-linux-x86_64-fedora-clang, r-devel-linux-x86_64-fedora-gcc, r-patched-linux-x86_64, r-release-linux-x86_64, r-release-macos-arm64, r-release-macos-x86_64, r-release-windows-x86_64, r-oldrel-macos-arm64, r-oldrel-macos-x86_64, r-oldrel-windows-ix86+x86_64
Version: 4.23.1-2
Check: installed package size
Result: NOTE
installed size is 23.8Mb
sub-directories of 1Mb or more:
doc 7.8Mb
libs 15.0Mb
Flavors: r-devel-linux-x86_64-fedora-clang, r-release-macos-arm64, r-release-macos-x86_64, r-release-windows-x86_64, r-oldrel-macos-arm64, r-oldrel-macos-x86_64, r-oldrel-windows-ix86+x86_64