Last updated on 2022-04-24 03:52:37 CEST.
Flavor | Version | Tinstall | Tcheck | Ttotal | Status | Flags |
---|---|---|---|---|---|---|
r-devel-linux-x86_64-debian-clang | 0.3.1 | 10.44 | 89.16 | 99.60 | OK | |
r-devel-linux-x86_64-debian-gcc | 0.3.1 | 8.21 | 65.89 | 74.10 | OK | |
r-devel-linux-x86_64-fedora-clang | 0.3.1 | 124.16 | NOTE | |||
r-devel-linux-x86_64-fedora-gcc | 0.3.1 | 103.51 | NOTE | |||
r-patched-linux-x86_64 | 0.3.1 | 8.02 | 82.30 | 90.32 | OK | |
r-release-linux-x86_64 | 0.3.1 | 5.80 | 77.74 | 83.54 | OK | |
r-release-macos-arm64 | 0.3.1 | NOTE | ||||
r-release-macos-x86_64 | 0.3.1 | NOTE | ||||
r-release-windows-x86_64 | 0.3.1 | 16.00 | 107.00 | 123.00 | OK | |
r-oldrel-macos-arm64 | 0.3.1 | NOTE | ||||
r-oldrel-macos-x86_64 | 0.3.1 | NOTE | ||||
r-oldrel-windows-ix86+x86_64 | 0.3.1 | 23.00 | 93.00 | 116.00 | OK |
Version: 0.3.1
Check: dependencies in R code
Result: NOTE
Namespaces in Imports field not imported from:
‘bookdown’ ‘rmarkdown’ ‘table1’
All declared Imports should be used.
Flavors: r-devel-linux-x86_64-fedora-clang, r-devel-linux-x86_64-fedora-gcc, r-release-macos-arm64, r-release-macos-x86_64, r-oldrel-macos-arm64, r-oldrel-macos-x86_64