Last updated on 2022-04-24 03:52:37 CEST.
Flavor | Version | Tinstall | Tcheck | Ttotal | Status | Flags |
---|---|---|---|---|---|---|
r-devel-linux-x86_64-debian-clang | 0.1.3 | 7.90 | 87.19 | 95.09 | NOTE | |
r-devel-linux-x86_64-debian-gcc | 0.1.3 | 6.24 | 65.07 | 71.31 | NOTE | |
r-devel-linux-x86_64-fedora-clang | 0.1.3 | 110.86 | NOTE | |||
r-devel-linux-x86_64-fedora-gcc | 0.1.3 | 97.71 | NOTE | |||
r-patched-linux-x86_64 | 0.1.3 | 8.01 | 81.94 | 89.95 | NOTE | |
r-release-linux-x86_64 | 0.1.3 | 7.40 | 77.42 | 84.82 | NOTE | |
r-release-macos-arm64 | 0.1.3 | NOTE | ||||
r-release-macos-x86_64 | 0.1.3 | NOTE | ||||
r-release-windows-x86_64 | 0.1.3 | 38.00 | 100.00 | 138.00 | NOTE | |
r-oldrel-macos-arm64 | 0.1.3 | NOTE | ||||
r-oldrel-macos-x86_64 | 0.1.3 | NOTE | ||||
r-oldrel-windows-ix86+x86_64 | 0.1.3 | 18.00 | 89.00 | 107.00 | NOTE |
Version: 0.1.3
Check: R code for possible problems
Result: NOTE
check_ISO_code: no visible binding for global variable 'NoAm_country'
check_ISO_code: no visible binding for global variable 'SoAm_country'
check_ISO_code: no visible binding for global variable 'Oceana_country'
check_ISO_code: no visible binding for global variable 'Africa_country'
check_ISO_code: no visible binding for global variable 'Asia_country'
check_ISO_code: no visible binding for global variable 'Eur_country'
climate_map: no visible binding for global variable 'data'
date_correct: no visible global function definition for 'tail'
Undefined global functions or variables:
Africa_country Asia_country Eur_country NoAm_country Oceana_country
SoAm_country data tail
Consider adding
importFrom("utils", "data", "tail")
to your NAMESPACE file.
Flavors: r-devel-linux-x86_64-debian-clang, r-devel-linux-x86_64-debian-gcc, r-devel-linux-x86_64-fedora-clang, r-devel-linux-x86_64-fedora-gcc, r-patched-linux-x86_64, r-release-linux-x86_64, r-release-macos-arm64, r-release-macos-x86_64, r-release-windows-x86_64, r-oldrel-macos-arm64, r-oldrel-macos-x86_64, r-oldrel-windows-ix86+x86_64