Last updated on 2022-04-24 03:52:35 CEST.
Flavor | Version | Tinstall | Tcheck | Ttotal | Status | Flags |
---|---|---|---|---|---|---|
r-devel-linux-x86_64-debian-clang | 0.2.1 | 55.70 | 616.71 | 672.41 | OK | |
r-devel-linux-x86_64-debian-gcc | 0.2.1 | 43.98 | 456.42 | 500.40 | OK | |
r-devel-linux-x86_64-fedora-clang | 0.2.1 | 730.74 | NOTE | |||
r-devel-linux-x86_64-fedora-gcc | 0.2.1 | 809.85 | OK | |||
r-patched-linux-x86_64 | 0.2.1 | 47.24 | 581.34 | 628.58 | OK | |
r-release-linux-x86_64 | 0.2.1 | 40.70 | 527.39 | 568.09 | OK | |
r-release-macos-arm64 | 0.2.1 | OK | ||||
r-release-macos-x86_64 | 0.2.1 | OK | ||||
r-release-windows-x86_64 | 0.2.1 | 127.00 | 632.00 | 759.00 | OK | |
r-oldrel-macos-arm64 | 0.2.1 | OK | ||||
r-oldrel-macos-x86_64 | 0.2.1 | OK | ||||
r-oldrel-windows-ix86+x86_64 | 0.2.1 | 98.00 | 598.00 | 696.00 | OK |
Version: 0.2.1
Check: package dependencies
Result: NOTE
Imports includes 21 non-default packages.
Importing from so many packages makes the package vulnerable to any of
them becoming unavailable. Move as many as possible to Suggests and
use conditionally.
Flavor: r-devel-linux-x86_64-fedora-clang