Last updated on 2022-04-24 03:52:35 CEST.
Flavor | Version | Tinstall | Tcheck | Ttotal | Status | Flags |
---|---|---|---|---|---|---|
r-devel-linux-x86_64-debian-clang | 1.1.2 | 73.51 | 425.18 | 498.69 | OK | |
r-devel-linux-x86_64-debian-gcc | 1.1.2 | 65.10 | 373.04 | 438.14 | OK | |
r-devel-linux-x86_64-fedora-clang | 1.1.2 | 617.51 | NOTE | |||
r-devel-linux-x86_64-fedora-gcc | 1.1.2 | 596.91 | NOTE | |||
r-patched-linux-x86_64 | 1.1.2 | 62.84 | 421.92 | 484.76 | OK | |
r-release-linux-x86_64 | 1.1.2 | 60.08 | 414.32 | 474.40 | OK | |
r-release-macos-arm64 | 1.1.2 | NOTE | ||||
r-release-macos-x86_64 | 1.1.2 | NOTE | ||||
r-release-windows-x86_64 | 1.1.2 | 83.00 | 547.00 | 630.00 | OK | |
r-oldrel-macos-arm64 | 1.1.2 | NOTE | ||||
r-oldrel-macos-x86_64 | 1.1.2 | NOTE | ||||
r-oldrel-windows-ix86+x86_64 | 1.1.2 | 194.00 | 550.00 | 744.00 | OK |
Version: 1.1.2
Check: dependencies in R code
Result: NOTE
Namespaces in Imports field not imported from:
‘comat’ ‘rgdal’
All declared Imports should be used.
Flavors: r-devel-linux-x86_64-fedora-clang, r-devel-linux-x86_64-fedora-gcc, r-release-macos-arm64, r-release-macos-x86_64, r-oldrel-macos-arm64, r-oldrel-macos-x86_64