Last updated on 2022-04-24 03:52:35 CEST.
Flavor | Version | Tinstall | Tcheck | Ttotal | Status | Flags |
---|---|---|---|---|---|---|
r-devel-linux-x86_64-debian-clang | 1.4.1 | 16.39 | 202.53 | 218.92 | OK | |
r-devel-linux-x86_64-debian-gcc | 1.4.1 | 12.65 | 149.34 | 161.99 | OK | |
r-devel-linux-x86_64-fedora-clang | 1.4.1 | 275.11 | NOTE | |||
r-devel-linux-x86_64-fedora-gcc | 1.4.1 | 254.36 | OK | |||
r-patched-linux-x86_64 | 1.4.1 | 15.40 | 190.21 | 205.61 | OK | |
r-release-linux-x86_64 | 1.4.1 | 15.84 | 176.97 | 192.81 | OK | |
r-release-macos-arm64 | 1.4.1 | NOTE | ||||
r-release-macos-x86_64 | 1.4.1 | NOTE | ||||
r-release-windows-x86_64 | 1.4.1 | 18.00 | 220.00 | 238.00 | NOTE | |
r-oldrel-macos-arm64 | 1.4.1 | NOTE | ||||
r-oldrel-macos-x86_64 | 1.4.1 | NOTE | ||||
r-oldrel-windows-ix86+x86_64 | 1.4.1 | 41.00 | 210.00 | 251.00 | NOTE |
Version: 1.4.1
Check: installed package size
Result: NOTE
installed size is 5.3Mb
sub-directories of 1Mb or more:
doc 5.1Mb
Flavors: r-devel-linux-x86_64-fedora-clang, r-release-macos-arm64, r-release-macos-x86_64, r-release-windows-x86_64, r-oldrel-macos-arm64, r-oldrel-macos-x86_64, r-oldrel-windows-ix86+x86_64