Last updated on 2022-04-24 03:52:35 CEST.
| Flavor | Version | Tinstall | Tcheck | Ttotal | Status | Flags | 
|---|---|---|---|---|---|---|
| r-devel-linux-x86_64-debian-clang | 1.4.3 | 28.94 | 254.76 | 283.70 | OK | |
| r-devel-linux-x86_64-debian-gcc | 1.4.3 | 24.77 | 197.74 | 222.51 | OK | |
| r-devel-linux-x86_64-fedora-clang | 1.4.3 | 344.70 | NOTE | |||
| r-devel-linux-x86_64-fedora-gcc | 1.4.3 | 313.26 | OK | |||
| r-patched-linux-x86_64 | 1.4.3 | 34.77 | 234.64 | 269.41 | OK | |
| r-release-linux-x86_64 | 1.4.3 | 25.28 | 228.11 | 253.39 | OK | |
| r-release-macos-arm64 | 1.4.3 | OK | ||||
| r-release-macos-x86_64 | 1.4.3 | OK | ||||
| r-release-windows-x86_64 | 1.4.3 | 134.00 | 269.00 | 403.00 | OK | |
| r-oldrel-macos-arm64 | 1.4.3 | OK | ||||
| r-oldrel-macos-x86_64 | 1.4.3 | OK | ||||
| r-oldrel-windows-ix86+x86_64 | 1.4.3 | 58.00 | 266.00 | 324.00 | OK | 
Version: 1.4.3
Check: package dependencies
Result: NOTE
    Imports includes 26 non-default packages.
    Importing from so many packages makes the package vulnerable to any of
    them becoming unavailable.  Move as many as possible to Suggests and
    use conditionally.
Flavor: r-devel-linux-x86_64-fedora-clang