Last updated on 2022-04-24 03:52:35 CEST.
Flavor | Version | Tinstall | Tcheck | Ttotal | Status | Flags |
---|---|---|---|---|---|---|
r-devel-linux-x86_64-debian-clang | 0.2.0 | 3.58 | 54.83 | 58.41 | OK | |
r-devel-linux-x86_64-debian-gcc | 0.2.0 | 2.93 | 38.36 | 41.29 | OK | |
r-devel-linux-x86_64-fedora-clang | 0.2.0 | 66.75 | NOTE | |||
r-devel-linux-x86_64-fedora-gcc | 0.2.0 | 51.34 | NOTE | |||
r-patched-linux-x86_64 | 0.2.0 | 3.60 | 47.51 | 51.11 | OK | |
r-release-linux-x86_64 | 0.2.0 | 2.06 | 46.49 | 48.55 | OK | |
r-release-macos-arm64 | 0.2.0 | NOTE | ||||
r-release-macos-x86_64 | 0.2.0 | NOTE | ||||
r-release-windows-x86_64 | 0.2.0 | 11.00 | 70.00 | 81.00 | OK | |
r-oldrel-macos-arm64 | 0.2.0 | NOTE | ||||
r-oldrel-macos-x86_64 | 0.2.0 | NOTE | ||||
r-oldrel-windows-ix86+x86_64 | 0.2.0 | 8.00 | 56.00 | 64.00 | OK |
Version: 0.2.0
Check: data for non-ASCII characters
Result: NOTE
Note: found 3 marked UTF-8 strings
Flavors: r-devel-linux-x86_64-fedora-clang, r-devel-linux-x86_64-fedora-gcc, r-release-macos-arm64, r-release-macos-x86_64, r-oldrel-macos-arm64, r-oldrel-macos-x86_64