Last updated on 2022-04-24 03:52:35 CEST.
Flavor | Version | Tinstall | Tcheck | Ttotal | Status | Flags |
---|---|---|---|---|---|---|
r-devel-linux-x86_64-debian-clang | 2.2.5 | 66.78 | 306.96 | 373.74 | OK | |
r-devel-linux-x86_64-debian-gcc | 2.2.5 | 58.92 | 222.11 | 281.03 | OK | |
r-devel-linux-x86_64-fedora-clang | 2.2.5 | 481.00 | OK | |||
r-devel-linux-x86_64-fedora-gcc | 2.2.5 | 444.05 | OK | |||
r-patched-linux-x86_64 | 2.2.5 | 60.01 | 278.22 | 338.23 | OK | |
r-release-linux-x86_64 | 2.2.5 | 43.26 | 267.75 | 311.01 | OK | |
r-release-macos-arm64 | 2.2.5 | NOTE | ||||
r-release-macos-x86_64 | 2.2.5 | NOTE | ||||
r-release-windows-x86_64 | 2.2.5 | 136.00 | 339.00 | 475.00 | OK | |
r-oldrel-macos-arm64 | 2.2.5 | NOTE | ||||
r-oldrel-macos-x86_64 | 2.2.5 | NOTE | ||||
r-oldrel-windows-ix86+x86_64 | 2.2.5 | 144.00 | 495.00 | 639.00 | OK |
Version: 2.2.5
Check: installed package size
Result: NOTE
installed size is 7.0Mb
sub-directories of 1Mb or more:
libs 5.7Mb
Flavors: r-release-macos-arm64, r-release-macos-x86_64, r-oldrel-macos-arm64, r-oldrel-macos-x86_64
Version: 2.2.5
Check: package dependencies
Result: NOTE
Package suggested but not available for checking: ‘KEGGgraph’
Flavors: r-release-macos-x86_64, r-oldrel-macos-x86_64