Last updated on 2022-04-24 03:52:35 CEST.
| Flavor | Version | Tinstall | Tcheck | Ttotal | Status | Flags | 
|---|---|---|---|---|---|---|
| r-devel-linux-x86_64-debian-clang | 0.3.4 | 90.72 | 233.67 | 324.39 | OK | |
| r-devel-linux-x86_64-debian-gcc | 0.3.4 | 71.96 | 168.73 | 240.69 | OK | |
| r-devel-linux-x86_64-fedora-clang | 0.3.4 | 430.79 | NOTE | |||
| r-devel-linux-x86_64-fedora-gcc | 0.3.4 | 397.96 | NOTE | |||
| r-patched-linux-x86_64 | 0.3.4 | 80.88 | 218.24 | 299.12 | OK | |
| r-release-linux-x86_64 | 0.3.4 | 73.71 | 201.03 | 274.74 | OK | |
| r-release-macos-arm64 | 0.3.4 | NOTE | ||||
| r-release-macos-x86_64 | 0.3.4 | NOTE | ||||
| r-release-windows-x86_64 | 0.3.4 | 116.00 | 260.00 | 376.00 | OK | |
| r-oldrel-macos-arm64 | 0.3.4 | NOTE | ||||
| r-oldrel-macos-x86_64 | 0.3.4 | NOTE | ||||
| r-oldrel-windows-ix86+x86_64 | 0.3.4 | 183.00 | 344.00 | 527.00 | OK | 
Version: 0.3.4
Check: installed package size
Result: NOTE
      installed size is  6.8Mb
      sub-directories of 1Mb or more:
        libs   6.2Mb
Flavors: r-devel-linux-x86_64-fedora-clang, r-release-macos-arm64, r-release-macos-x86_64, r-oldrel-macos-arm64, r-oldrel-macos-x86_64
Version: 0.3.4
Check: dependencies in R code
Result: NOTE
    Namespaces in Imports field not imported from:
      ‘Biobase’ ‘CGHbase’
      All declared Imports should be used.
Flavors: r-devel-linux-x86_64-fedora-clang, r-devel-linux-x86_64-fedora-gcc, r-release-macos-arm64, r-release-macos-x86_64, r-oldrel-macos-arm64, r-oldrel-macos-x86_64
Version: 0.3.4
Check: Rd cross-references
Result: NOTE
    Undeclared packages ‘longitudinal’, ‘gRbase’ in Rd xrefs
Flavor: r-devel-linux-x86_64-fedora-clang