Last updated on 2022-04-24 03:52:35 CEST.
Flavor | Version | Tinstall | Tcheck | Ttotal | Status | Flags |
---|---|---|---|---|---|---|
r-devel-linux-x86_64-debian-clang | 1.1.1 | 7.74 | 603.33 | 611.07 | OK | |
r-devel-linux-x86_64-debian-gcc | 1.1.1 | 5.76 | 441.28 | 447.04 | OK | |
r-devel-linux-x86_64-fedora-clang | 1.1.1 | 700.89 | OK | |||
r-devel-linux-x86_64-fedora-gcc | 1.1.1 | 686.30 | OK | |||
r-patched-linux-x86_64 | 1.1.1 | 9.34 | 572.38 | 581.72 | OK | |
r-release-linux-x86_64 | 1.1.1 | 6.63 | 559.47 | 566.10 | OK | |
r-release-macos-arm64 | 1.1.1 | WARN | ||||
r-release-macos-x86_64 | 1.1.1 | OK | ||||
r-release-windows-x86_64 | 1.1.1 | 40.00 | 578.00 | 618.00 | OK | |
r-oldrel-macos-arm64 | 1.1.1 | WARN | ||||
r-oldrel-macos-x86_64 | 1.1.1 | OK | ||||
r-oldrel-windows-ix86+x86_64 | 1.1.1 | 15.00 | 652.00 | 667.00 | OK |
Version: 1.1.1
Check: re-building of vignette outputs
Result: WARN
Error(s) in re-building vignettes:
...
--- re-building ‘ragtop_convertibles_in_r.Rmd’ using rmarkdown
Warning: Removed 39 row(s) containing missing values (geom_path).
Quitting from lines 425-461 (ragtop_convertibles_in_r.Rmd)
Error: processing vignette 'ragtop_convertibles_in_r.Rmd' failed with diagnostics:
argument is of length zero
--- failed re-building ‘ragtop_convertibles_in_r.Rmd’
SUMMARY: processing the following file failed:
‘ragtop_convertibles_in_r.Rmd’
Error: Vignette re-building failed.
Execution halted
Flavors: r-release-macos-arm64, r-oldrel-macos-arm64