Last updated on 2022-04-24 03:52:35 CEST.
Flavor | Version | Tinstall | Tcheck | Ttotal | Status | Flags |
---|---|---|---|---|---|---|
r-devel-linux-x86_64-debian-clang | 0.2.1 | 2.43 | 44.21 | 46.64 | NOTE | |
r-devel-linux-x86_64-debian-gcc | 0.2.1 | 1.90 | 33.54 | 35.44 | NOTE | |
r-devel-linux-x86_64-fedora-clang | 0.2.1 | 55.55 | NOTE | |||
r-devel-linux-x86_64-fedora-gcc | 0.2.1 | 42.66 | NOTE | |||
r-patched-linux-x86_64 | 0.2.1 | 1.73 | 42.35 | 44.08 | NOTE | |
r-release-linux-x86_64 | 0.2.1 | 1.55 | 41.21 | 42.76 | NOTE | |
r-release-macos-arm64 | 0.2.1 | NOTE | ||||
r-release-macos-x86_64 | 0.2.1 | NOTE | ||||
r-release-windows-x86_64 | 0.2.1 | 16.00 | 62.00 | 78.00 | NOTE | |
r-oldrel-macos-arm64 | 0.2.1 | NOTE | ||||
r-oldrel-macos-x86_64 | 0.2.1 | NOTE | ||||
r-oldrel-windows-ix86+x86_64 | 0.2.1 | 5.00 | 52.00 | 57.00 | NOTE |
Version: 0.2.1
Check: LazyData
Result: NOTE
'LazyData' is specified without a 'data' directory
Flavors: r-devel-linux-x86_64-debian-clang, r-devel-linux-x86_64-debian-gcc, r-devel-linux-x86_64-fedora-clang, r-devel-linux-x86_64-fedora-gcc, r-patched-linux-x86_64, r-release-linux-x86_64, r-release-macos-arm64, r-release-macos-x86_64, r-release-windows-x86_64, r-oldrel-macos-arm64, r-oldrel-macos-x86_64, r-oldrel-windows-ix86+x86_64