Last updated on 2022-04-24 03:52:35 CEST.
Flavor | Version | Tinstall | Tcheck | Ttotal | Status | Flags |
---|---|---|---|---|---|---|
r-devel-linux-x86_64-debian-clang | 0.2.3 | 4.53 | 49.65 | 54.18 | NOTE | |
r-devel-linux-x86_64-debian-gcc | 0.2.3 | 3.25 | 37.45 | 40.70 | NOTE | |
r-devel-linux-x86_64-fedora-clang | 0.2.3 | 65.51 | NOTE | |||
r-devel-linux-x86_64-fedora-gcc | 0.2.3 | 52.99 | NOTE | |||
r-patched-linux-x86_64 | 0.2.3 | 3.70 | 46.66 | 50.36 | NOTE | |
r-release-linux-x86_64 | 0.2.3 | 3.49 | 45.89 | 49.38 | NOTE | |
r-release-macos-arm64 | 0.2.3 | NOTE | ||||
r-release-macos-x86_64 | 0.2.3 | NOTE | ||||
r-release-windows-x86_64 | 0.2.3 | 10.00 | 70.00 | 80.00 | NOTE | |
r-oldrel-macos-arm64 | 0.2.3 | NOTE | ||||
r-oldrel-macos-x86_64 | 0.2.3 | NOTE | ||||
r-oldrel-windows-ix86+x86_64 | 0.2.3 | 10.00 | 56.00 | 66.00 | NOTE |
Version: 0.2.3
Check: LazyData
Result: NOTE
'LazyData' is specified without a 'data' directory
Flavors: r-devel-linux-x86_64-debian-clang, r-devel-linux-x86_64-debian-gcc, r-devel-linux-x86_64-fedora-clang, r-devel-linux-x86_64-fedora-gcc, r-patched-linux-x86_64, r-release-linux-x86_64, r-release-macos-arm64, r-release-macos-x86_64, r-release-windows-x86_64, r-oldrel-macos-arm64, r-oldrel-macos-x86_64, r-oldrel-windows-ix86+x86_64