Last updated on 2022-04-24 03:52:35 CEST.
Flavor | Version | Tinstall | Tcheck | Ttotal | Status | Flags |
---|---|---|---|---|---|---|
r-devel-linux-x86_64-debian-clang | 4.7-1 | 8.66 | 48.78 | 57.44 | WARN | |
r-devel-linux-x86_64-debian-gcc | 4.7-1 | 6.23 | 36.87 | 43.10 | WARN | |
r-devel-linux-x86_64-fedora-clang | 4.7-1 | 73.06 | WARN | |||
r-devel-linux-x86_64-fedora-gcc | 4.7-1 | 61.60 | WARN | |||
r-patched-linux-x86_64 | 4.7-1 | 7.68 | 46.28 | 53.96 | OK | |
r-release-linux-x86_64 | 4.7-1 | 6.47 | 45.78 | 52.25 | OK | |
r-release-macos-arm64 | 4.7-1 | OK | ||||
r-release-macos-x86_64 | 4.7-1 | OK | ||||
r-release-windows-x86_64 | 4.7-1 | 67.00 | 68.00 | 135.00 | OK | |
r-oldrel-macos-arm64 | 4.7-1 | OK | ||||
r-oldrel-macos-x86_64 | 4.7-1 | OK | ||||
r-oldrel-windows-ix86+x86_64 | 4.7-1 | 20.00 | 70.00 | 90.00 | OK |
Version: 4.7-1
Check: Rd files
Result: WARN
checkRd: (7) combine.Rd:31: invalid email address: andy\_liaw@merck.com
checkRd: (7) getTree.Rd:55: invalid email address: andy\_liaw@merck.com
checkRd: (7) grow.Rd:37: invalid email address: andy\_liaw@merck.com
checkRd: (7) partialPlot.Rd:79: invalid email address: andy\_liaw@merck.com
checkRd: (7) predict.randomForest.Rd:82: invalid email address: andy\_liaw@merck.com
checkRd: (7) predict.randomForest.Rd:83: invalid email address: matthew\_wiener@merck.com
checkRd: (7) randomForest.Rd:203: invalid email address: andy\_liaw@merck.com
checkRd: (7) randomForest.Rd:204: invalid email address: matthew\_wiener@merck.com
checkRd: (7) treesize.Rd:34: invalid email address: andy\_liaw@merck.com
checkRd: (7) varImpPlot.Rd:37: invalid email address: andy\_liaw@merck.com
Flavors: r-devel-linux-x86_64-debian-clang, r-devel-linux-x86_64-debian-gcc, r-devel-linux-x86_64-fedora-clang, r-devel-linux-x86_64-fedora-gcc