Last updated on 2022-04-24 03:52:35 CEST.
Flavor | Version | Tinstall | Tcheck | Ttotal | Status | Flags |
---|---|---|---|---|---|---|
r-devel-linux-x86_64-debian-clang | 0.10.1 | 8.32 | 296.11 | 304.43 | NOTE | |
r-devel-linux-x86_64-debian-gcc | 0.10.1 | 6.85 | 207.29 | 214.14 | NOTE | |
r-devel-linux-x86_64-fedora-clang | 0.10.1 | 338.93 | NOTE | |||
r-devel-linux-x86_64-fedora-gcc | 0.10.1 | 324.21 | NOTE | |||
r-patched-linux-x86_64 | 0.10.1 | 7.04 | 266.08 | 273.12 | NOTE | |
r-release-linux-x86_64 | 0.10.1 | 7.01 | 255.76 | 262.77 | NOTE | |
r-release-macos-arm64 | 0.10.1 | NOTE | ||||
r-release-macos-x86_64 | 0.10.1 | NOTE | ||||
r-release-windows-x86_64 | 0.10.1 | 146.00 | 286.00 | 432.00 | NOTE | |
r-oldrel-macos-arm64 | 0.10.1 | NOTE | ||||
r-oldrel-macos-x86_64 | 0.10.1 | NOTE | ||||
r-oldrel-windows-ix86+x86_64 | 0.10.1 | 19.00 | 301.00 | 320.00 | NOTE |
Version: 0.10.1
Check: LazyData
Result: NOTE
'LazyData' is specified without a 'data' directory
Flavors: r-devel-linux-x86_64-debian-clang, r-devel-linux-x86_64-debian-gcc, r-devel-linux-x86_64-fedora-clang, r-devel-linux-x86_64-fedora-gcc, r-patched-linux-x86_64, r-release-linux-x86_64, r-release-macos-arm64, r-release-macos-x86_64, r-release-windows-x86_64, r-oldrel-macos-arm64, r-oldrel-macos-x86_64, r-oldrel-windows-ix86+x86_64