Last updated on 2022-04-24 03:52:35 CEST.
Flavor | Version | Tinstall | Tcheck | Ttotal | Status | Flags |
---|---|---|---|---|---|---|
r-devel-linux-x86_64-debian-clang | 1.5-0.0 | 5.46 | 46.36 | 51.82 | OK | |
r-devel-linux-x86_64-debian-gcc | 1.5-0.0 | 4.22 | 34.88 | 39.10 | OK | |
r-devel-linux-x86_64-fedora-clang | 1.5-0.0 | 63.08 | OK | |||
r-devel-linux-x86_64-fedora-gcc | 1.5-0.0 | 50.48 | OK | |||
r-patched-linux-x86_64 | 1.5-0.0 | 5.11 | 43.82 | 48.93 | OK | |
r-release-linux-x86_64 | 1.5-0.0 | 4.39 | 42.09 | 46.48 | OK | |
r-release-macos-arm64 | 1.5-0.0 | OK | ||||
r-release-macos-x86_64 | 1.5-0.0 | WARN | ||||
r-release-windows-x86_64 | 1.5-0.0 | 21.00 | 64.00 | 85.00 | OK | |
r-oldrel-macos-arm64 | 1.5-0.0 | OK | ||||
r-oldrel-macos-x86_64 | 1.5-0.0 | WARN | ||||
r-oldrel-windows-ix86+x86_64 | 1.5-0.0 | 10.00 | 51.00 | 61.00 | OK |
Version: 1.5-0.0
Check: re-building of vignette outputs
Result: WARN
Error(s) in re-building vignettes:
...
--- re-building ‘randomNames.Rmd’ using rmarkdown
Warning in engine$weave(file, quiet = quiet, encoding = enc) :
Pandoc (>= 1.12.3) not available. Falling back to R Markdown v1.
Quitting from lines 13-26 (randomNames.Rmd)
Error: processing vignette 'randomNames.Rmd' failed with diagnostics:
argument is of length zero
--- failed re-building ‘randomNames.Rmd’
SUMMARY: processing the following file failed:
‘randomNames.Rmd’
Error: Vignette re-building failed.
Execution halted
Flavors: r-release-macos-x86_64, r-oldrel-macos-x86_64