Last updated on 2022-04-24 03:52:35 CEST.
Flavor | Version | Tinstall | Tcheck | Ttotal | Status | Flags |
---|---|---|---|---|---|---|
r-devel-linux-x86_64-debian-clang | 1.0.3 | 2.85 | 37.64 | 40.49 | NOTE | |
r-devel-linux-x86_64-debian-gcc | 1.0.3 | 2.01 | 29.36 | 31.37 | NOTE | |
r-devel-linux-x86_64-fedora-clang | 1.0.3 | 49.25 | NOTE | |||
r-devel-linux-x86_64-fedora-gcc | 1.0.3 | 38.88 | NOTE | |||
r-patched-linux-x86_64 | 1.0.3 | 2.47 | 36.91 | 39.38 | NOTE | |
r-release-linux-x86_64 | 1.0.3 | 2.39 | 36.31 | 38.70 | NOTE | |
r-release-macos-arm64 | 1.0.3 | NOTE | ||||
r-release-macos-x86_64 | 1.0.3 | NOTE | ||||
r-release-windows-x86_64 | 1.0.3 | 200.00 | 53.00 | 253.00 | NOTE | |
r-oldrel-macos-arm64 | 1.0.3 | NOTE | ||||
r-oldrel-macos-x86_64 | 1.0.3 | NOTE | ||||
r-oldrel-windows-ix86+x86_64 | 1.0.3 | 5.00 | 46.00 | 51.00 | NOTE |
Version: 1.0.3
Check: R code for possible problems
Result: NOTE
anovaF: no visible global function definition for 'anova'
anovaF: no visible global function definition for 'lm'
randInterval: no visible global function definition for 'quantile'
randInterval : <anonymous>: no visible global function definition for
'quantile'
randPlot: no visible global function definition for 'par'
randPlot: no visible global function definition for 'hist'
randPlot: no visible global function definition for 'abline'
Undefined global functions or variables:
abline anova hist lm par quantile
Consider adding
importFrom("graphics", "abline", "hist", "par")
importFrom("stats", "anova", "lm", "quantile")
to your NAMESPACE file.
Flavors: r-devel-linux-x86_64-debian-clang, r-devel-linux-x86_64-debian-gcc, r-devel-linux-x86_64-fedora-clang, r-devel-linux-x86_64-fedora-gcc, r-patched-linux-x86_64, r-release-linux-x86_64, r-release-macos-arm64, r-release-macos-x86_64, r-release-windows-x86_64, r-oldrel-macos-arm64, r-oldrel-macos-x86_64, r-oldrel-windows-ix86+x86_64