Last updated on 2022-04-24 03:52:35 CEST.
Flavor | Version | Tinstall | Tcheck | Ttotal | Status | Flags |
---|---|---|---|---|---|---|
r-devel-linux-x86_64-debian-clang | 0.1.1 | 1.54 | 35.10 | 36.64 | OK | |
r-devel-linux-x86_64-debian-gcc | 0.1.1 | 1.74 | 26.47 | 28.21 | OK | |
r-devel-linux-x86_64-fedora-clang | 0.1.1 | 44.99 | NOTE | |||
r-devel-linux-x86_64-fedora-gcc | 0.1.1 | 33.11 | NOTE | |||
r-patched-linux-x86_64 | 0.1.1 | 1.36 | 33.36 | 34.72 | OK | |
r-release-linux-x86_64 | 0.1.1 | 1.91 | 32.29 | 34.20 | OK | |
r-release-macos-arm64 | 0.1.1 | NOTE | ||||
r-release-macos-x86_64 | 0.1.1 | NOTE | ||||
r-release-windows-x86_64 | 0.1.1 | 10.00 | 53.00 | 63.00 | OK | |
r-oldrel-macos-arm64 | 0.1.1 | NOTE | ||||
r-oldrel-macos-x86_64 | 0.1.1 | NOTE | ||||
r-oldrel-windows-ix86+x86_64 | 0.1.1 | 6.00 | 41.00 | 47.00 | OK |
Version: 0.1.1
Check: dependencies in R code
Result: NOTE
Namespaces in Imports field not imported from:
‘curl’ ‘jsonlite’
All declared Imports should be used.
Flavors: r-devel-linux-x86_64-fedora-clang, r-devel-linux-x86_64-fedora-gcc, r-release-macos-arm64, r-release-macos-x86_64, r-oldrel-macos-arm64, r-oldrel-macos-x86_64