Last updated on 2022-04-24 03:52:35 CEST.
Flavor | Version | Tinstall | Tcheck | Ttotal | Status | Flags |
---|---|---|---|---|---|---|
r-devel-linux-x86_64-debian-clang | 0.1.18 | 36.93 | 375.96 | 412.89 | OK | |
r-devel-linux-x86_64-debian-gcc | 0.1.18 | 28.50 | 272.09 | 300.59 | OK | |
r-devel-linux-x86_64-fedora-clang | 0.1.18 | 499.18 | NOTE | |||
r-devel-linux-x86_64-fedora-gcc | 0.1.18 | 460.56 | NOTE | |||
r-patched-linux-x86_64 | 0.1.18 | 38.09 | 356.80 | 394.89 | OK | |
r-release-linux-x86_64 | 0.1.18 | 28.68 | 325.66 | 354.34 | OK | |
r-release-macos-arm64 | 0.1.18 | NOTE | ||||
r-release-macos-x86_64 | 0.1.18 | NOTE | ||||
r-release-windows-x86_64 | 0.1.18 | 73.00 | 400.00 | 473.00 | OK | |
r-oldrel-macos-arm64 | 0.1.18 | NOTE | ||||
r-oldrel-macos-x86_64 | 0.1.18 | NOTE | ||||
r-oldrel-windows-ix86+x86_64 | 0.1.18 | 88.00 | 403.00 | 491.00 | OK |
Version: 0.1.18
Check: data for non-ASCII characters
Result: NOTE
Note: found 7734 marked UTF-8 strings
Flavors: r-devel-linux-x86_64-fedora-clang, r-devel-linux-x86_64-fedora-gcc, r-release-macos-arm64, r-release-macos-x86_64, r-oldrel-macos-arm64, r-oldrel-macos-x86_64