Last updated on 2022-04-24 03:52:35 CEST.
Flavor | Version | Tinstall | Tcheck | Ttotal | Status | Flags |
---|---|---|---|---|---|---|
r-devel-linux-x86_64-debian-clang | 1.10.0 | 3.60 | 122.71 | 126.31 | OK | |
r-devel-linux-x86_64-debian-gcc | 1.10.0 | 2.79 | 85.57 | 88.36 | OK | |
r-devel-linux-x86_64-fedora-clang | 1.10.0 | 151.80 | NOTE | |||
r-devel-linux-x86_64-fedora-gcc | 1.10.0 | 207.82 | NOTE | |||
r-patched-linux-x86_64 | 1.10.0 | 4.02 | 105.62 | 109.64 | OK | |
r-release-linux-x86_64 | 1.10.0 | 2.08 | 41.41 | 43.49 | OK | |
r-release-macos-arm64 | 1.10.0 | NOTE | ||||
r-release-macos-x86_64 | 1.10.0 | ERROR | ||||
r-release-windows-x86_64 | 1.10.0 | 37.00 | 184.00 | 221.00 | OK | |
r-oldrel-macos-arm64 | 1.10.0 | NOTE | ||||
r-oldrel-macos-x86_64 | 1.10.0 | ERROR | ||||
r-oldrel-windows-ix86+x86_64 | 1.10.0 | 9.00 | 53.00 | 62.00 | OK |
Version: 1.10.0
Check: dependencies in R code
Result: NOTE
Namespace in Imports field not imported from: ‘RJDBC’
All declared Imports should be used.
Flavors: r-devel-linux-x86_64-fedora-clang, r-devel-linux-x86_64-fedora-gcc, r-release-macos-arm64, r-release-macos-x86_64, r-oldrel-macos-arm64, r-oldrel-macos-x86_64
Version: 1.10.0
Check: examples
Result: ERROR
Running examples in ‘rapbase-Ex.R’ failed
The error most likely occurred in:
> ### Name: getRapPackages
> ### Title: Get all installed Rapporteket packages
> ### Aliases: getRapPackages
>
> ### ** Examples
>
> getRapPackages()
Warning in utils::packageDescription(pkg) :
DESCRIPTION file of package 'psychonetrics' is missing or broken
Error: $ operator is invalid for atomic vectors
Execution halted
Flavors: r-release-macos-x86_64, r-oldrel-macos-x86_64
Version: 1.10.0
Check: tests
Result: ERROR
Running ‘testthat.R’ [48s/70s]
Running the tests in ‘tests/testthat.R’ failed.
Last 13 lines of output:
█
1. ├─testthat::expect_true(is.vector(getRapPackages())) test-miscellaneous-functions.R:4:2
2. │ └─testthat::quasi_label(enquo(object), label, arg = "object")
3. │ └─rlang::eval_bare(expr, quo_get_env(quo))
4. ├─base::is.vector(getRapPackages())
5. └─rapbase::getRapPackages()
6. └─base::sapply(allPkg$Package, isPkgRapReg)
7. └─base::lapply(X = X, FUN = FUN, ...)
8. └─rapbase:::FUN(X[[i]], ...)
9. └─base::grepl(...)
10. └─base::is.factor(x)
[ FAIL 1 | WARN 4 | SKIP 3 | PASS 85 ]
Error: Test failures
Execution halted
Flavors: r-release-macos-x86_64, r-oldrel-macos-x86_64