Last updated on 2022-04-24 03:52:35 CEST.
Flavor | Version | Tinstall | Tcheck | Ttotal | Status | Flags |
---|---|---|---|---|---|---|
r-devel-linux-x86_64-debian-clang | 8.4.3 | 2.15 | 30.36 | 32.51 | NOTE | |
r-devel-linux-x86_64-debian-gcc | 8.4.3 | 1.69 | 23.32 | 25.01 | NOTE | |
r-devel-linux-x86_64-fedora-clang | 8.4.3 | 39.94 | NOTE | |||
r-devel-linux-x86_64-fedora-gcc | 8.4.3 | 27.67 | NOTE | |||
r-patched-linux-x86_64 | 8.4.3 | 2.05 | 29.62 | 31.67 | NOTE | |
r-release-linux-x86_64 | 8.4.3 | 1.70 | 28.24 | 29.94 | NOTE | |
r-release-macos-arm64 | 8.4.3 | NOTE | ||||
r-release-macos-x86_64 | 8.4.3 | NOTE | ||||
r-release-windows-x86_64 | 8.4.3 | 16.00 | 46.00 | 62.00 | NOTE | |
r-oldrel-macos-arm64 | 8.4.3 | NOTE | ||||
r-oldrel-macos-x86_64 | 8.4.3 | NOTE | ||||
r-oldrel-windows-ix86+x86_64 | 8.4.3 | 4.00 | 36.00 | 40.00 | NOTE |
Version: 8.4.3
Check: LazyData
Result: NOTE
'LazyData' is specified without a 'data' directory
Flavors: r-devel-linux-x86_64-debian-clang, r-devel-linux-x86_64-debian-gcc, r-devel-linux-x86_64-fedora-clang, r-devel-linux-x86_64-fedora-gcc, r-patched-linux-x86_64, r-release-linux-x86_64, r-release-macos-arm64, r-release-macos-x86_64, r-release-windows-x86_64, r-oldrel-macos-arm64, r-oldrel-macos-x86_64, r-oldrel-windows-ix86+x86_64
Version: 8.4.3
Check: dependencies in R code
Result: NOTE
Namespace in Imports field not imported from: ‘jsonlite’
All declared Imports should be used.
Flavors: r-devel-linux-x86_64-fedora-clang, r-devel-linux-x86_64-fedora-gcc, r-release-macos-arm64, r-release-macos-x86_64, r-oldrel-macos-arm64, r-oldrel-macos-x86_64