Last updated on 2022-04-24 03:52:35 CEST.
Flavor | Version | Tinstall | Tcheck | Ttotal | Status | Flags |
---|---|---|---|---|---|---|
r-devel-linux-x86_64-debian-clang | 0.1.0 | 1.85 | 28.29 | 30.14 | NOTE | |
r-devel-linux-x86_64-debian-gcc | 0.1.0 | 1.40 | 21.92 | 23.32 | NOTE | |
r-devel-linux-x86_64-fedora-clang | 0.1.0 | 37.05 | NOTE | |||
r-devel-linux-x86_64-fedora-gcc | 0.1.0 | 25.40 | NOTE | |||
r-patched-linux-x86_64 | 0.1.0 | 1.51 | 27.42 | 28.93 | NOTE | |
r-release-linux-x86_64 | 0.1.0 | 1.51 | 26.93 | 28.44 | NOTE | |
r-release-macos-arm64 | 0.1.0 | NOTE | ||||
r-release-macos-x86_64 | 0.1.0 | NOTE | ||||
r-release-windows-x86_64 | 0.1.0 | 15.00 | 41.00 | 56.00 | NOTE | |
r-oldrel-macos-arm64 | 0.1.0 | NOTE | ||||
r-oldrel-macos-x86_64 | 0.1.0 | NOTE | ||||
r-oldrel-windows-ix86+x86_64 | 0.1.0 | 4.00 | 24.00 | 28.00 | NOTE |
Version: 0.1.0
Check: LazyData
Result: NOTE
'LazyData' is specified without a 'data' directory
Flavors: r-devel-linux-x86_64-debian-clang, r-devel-linux-x86_64-debian-gcc, r-devel-linux-x86_64-fedora-clang, r-devel-linux-x86_64-fedora-gcc, r-patched-linux-x86_64, r-release-linux-x86_64, r-release-macos-arm64, r-release-macos-x86_64, r-release-windows-x86_64, r-oldrel-macos-arm64, r-oldrel-macos-x86_64, r-oldrel-windows-ix86+x86_64