Last updated on 2022-04-24 03:52:35 CEST.
Flavor | Version | Tinstall | Tcheck | Ttotal | Status | Flags |
---|---|---|---|---|---|---|
r-devel-linux-x86_64-debian-clang | 0.3.0 | 5.61 | 61.22 | 66.83 | OK | |
r-devel-linux-x86_64-debian-gcc | 0.3.0 | 3.94 | 45.11 | 49.05 | OK | |
r-devel-linux-x86_64-fedora-clang | 0.3.0 | 79.03 | NOTE | |||
r-devel-linux-x86_64-fedora-gcc | 0.3.0 | 66.17 | NOTE | |||
r-patched-linux-x86_64 | 0.3.0 | 4.66 | 58.09 | 62.75 | OK | |
r-release-linux-x86_64 | 0.3.0 | 3.43 | 56.44 | 59.87 | OK | |
r-release-macos-arm64 | 0.3.0 | NOTE | ||||
r-release-macos-x86_64 | 0.3.0 | NOTE | ||||
r-release-windows-x86_64 | 0.3.0 | 24.00 | 81.00 | 105.00 | OK | |
r-oldrel-macos-arm64 | 0.3.0 | NOTE | ||||
r-oldrel-macos-x86_64 | 0.3.0 | NOTE | ||||
r-oldrel-windows-ix86+x86_64 | 0.3.0 | 10.00 | 72.00 | 82.00 | OK |
Version: 0.3.0
Check: dependencies in R code
Result: NOTE
Namespaces in Imports field not imported from:
‘dplyr’ ‘tidyr’
All declared Imports should be used.
Flavors: r-devel-linux-x86_64-fedora-clang, r-devel-linux-x86_64-fedora-gcc, r-release-macos-arm64, r-release-macos-x86_64, r-oldrel-macos-arm64, r-oldrel-macos-x86_64