Last updated on 2022-04-24 03:52:35 CEST.
Flavor | Version | Tinstall | Tcheck | Ttotal | Status | Flags |
---|---|---|---|---|---|---|
r-devel-linux-x86_64-debian-clang | 0.1.7 | 229.65 | 472.22 | 701.87 | WARN | |
r-devel-linux-x86_64-debian-gcc | 0.1.7 | 180.41 | 341.00 | 521.41 | NOTE | |
r-devel-linux-x86_64-fedora-clang | 0.1.7 | 1009.50 | WARN | |||
r-devel-linux-x86_64-fedora-gcc | 0.1.7 | 851.00 | NOTE | |||
r-patched-linux-x86_64 | 0.1.7 | 176.25 | 443.15 | 619.40 | NOTE | |
r-release-linux-x86_64 | 0.1.7 | 194.23 | 415.36 | 609.59 | NOTE | |
r-release-macos-arm64 | 0.1.7 | NOTE | ||||
r-release-macos-x86_64 | 0.1.7 | NOTE | ||||
r-release-windows-x86_64 | 0.1.7 | 203.00 | 479.00 | 682.00 | NOTE | |
r-oldrel-macos-arm64 | 0.1.7 | NOTE | ||||
r-oldrel-macos-x86_64 | 0.1.7 | NOTE | ||||
r-oldrel-windows-ix86+x86_64 | 0.1.7 | 484.00 | 719.00 | 1203.00 | NOTE |
Version: 0.1.7
Check: package dependencies
Result: NOTE
Package suggested but not available for checking: 'gurobi'
Flavors: r-devel-linux-x86_64-debian-clang, r-devel-linux-x86_64-debian-gcc, r-devel-linux-x86_64-fedora-clang, r-devel-linux-x86_64-fedora-gcc, r-patched-linux-x86_64, r-release-linux-x86_64, r-release-macos-arm64, r-release-macos-x86_64, r-release-windows-x86_64, r-oldrel-macos-arm64, r-oldrel-macos-x86_64, r-oldrel-windows-ix86+x86_64
Version: 0.1.7
Check: whether package can be installed
Result: WARN
Found the following significant warnings:
rcpp_generate_model_object.cpp:211:15: warning: use of bitwise '&' with boolean operands [-Wbitwise-instead-of-logical]
Flavors: r-devel-linux-x86_64-debian-clang, r-devel-linux-x86_64-fedora-clang
Version: 0.1.7
Check: installed package size
Result: NOTE
installed size is 14.4Mb
sub-directories of 1Mb or more:
data 3.6Mb
doc 1.4Mb
libs 8.6Mb
Flavors: r-devel-linux-x86_64-fedora-clang, r-release-macos-arm64, r-release-macos-x86_64, r-release-windows-x86_64, r-oldrel-macos-arm64, r-oldrel-macos-x86_64, r-oldrel-windows-ix86+x86_64
Version: 0.1.7
Check: dependencies in R code
Result: NOTE
Namespace in Imports field not imported from: ‘rgdal’
All declared Imports should be used.
Flavors: r-devel-linux-x86_64-fedora-clang, r-devel-linux-x86_64-fedora-gcc, r-release-macos-arm64, r-release-macos-x86_64, r-oldrel-macos-arm64, r-oldrel-macos-x86_64