Last updated on 2022-04-24 03:52:35 CEST.
| Flavor | Version | Tinstall | Tcheck | Ttotal | Status | Flags | 
|---|---|---|---|---|---|---|
| r-devel-linux-x86_64-debian-clang | 0.1 | 9.30 | 92.90 | 102.20 | NOTE | |
| r-devel-linux-x86_64-debian-gcc | 0.1 | 7.08 | 69.35 | 76.43 | NOTE | |
| r-devel-linux-x86_64-fedora-clang | 0.1 | 120.04 | NOTE | |||
| r-devel-linux-x86_64-fedora-gcc | 0.1 | 108.88 | NOTE | |||
| r-patched-linux-x86_64 | 0.1 | 8.69 | 86.41 | 95.10 | NOTE | |
| r-release-linux-x86_64 | 0.1 | 9.20 | 81.63 | 90.83 | NOTE | |
| r-release-macos-arm64 | 0.1 | NOTE | ||||
| r-release-macos-x86_64 | 0.1 | NOTE | ||||
| r-release-windows-x86_64 | 0.1 | 12.00 | 103.00 | 115.00 | NOTE | |
| r-oldrel-macos-arm64 | 0.1 | NOTE | ||||
| r-oldrel-macos-x86_64 | 0.1 | NOTE | ||||
| r-oldrel-windows-ix86+x86_64 | 0.1 | 18.00 | 95.00 | 113.00 | NOTE | 
Version: 0.1
Check: R code for possible problems
Result: NOTE
    INT_FIX: no visible global function definition for 'rbinom'
    INT_FIX: no visible global function definition for 'glm'
    INT_FIX: no visible global function definition for 'as.formula'
    INT_FIX: no visible global function definition for 'residuals'
    INT_FIX: no visible global function definition for 'var'
    INT_RAN: no visible global function definition for 'rbinom'
    INT_RAN: no visible global function definition for 'as.formula'
    INT_RAN: no visible global function definition for 'predict'
    JOINT: no visible global function definition for 'rbinom'
    JOINT: no visible global function definition for 'glm'
    JOINT: no visible global function definition for 'as.formula'
    JOINT: no visible global function definition for 'var'
    JOINT: no visible global function definition for 'residuals'
    pKuonen: no visible global function definition for 'pchisq'
    pKuonen: no visible global function definition for 'uniroot'
    pKuonen: no visible global function definition for 'pnorm'
    rareGE: no visible global function definition for 'rbinom'
    rareGE: no visible global function definition for 'as.formula'
    rareGE: no visible global function definition for 'predict'
    rareGE: no visible global function definition for 'glm'
    rareGE: no visible global function definition for 'residuals'
    rareGE: no visible global function definition for 'var'
    rareGE_joint_mc: no visible global function definition for 'pchisq'
    rareGE_joint_mc: no visible global function definition for 'qchisq'
    wuweights: no visible global function definition for 'dbeta'
    Undefined global functions or variables:
      as.formula dbeta glm pchisq pnorm predict qchisq rbinom residuals
      uniroot var
    Consider adding
      importFrom("stats", "as.formula", "dbeta", "glm", "pchisq", "pnorm",
                 "predict", "qchisq", "rbinom", "residuals", "uniroot",
                 "var")
    to your NAMESPACE file.
Flavors: r-devel-linux-x86_64-debian-clang, r-devel-linux-x86_64-debian-gcc, r-devel-linux-x86_64-fedora-clang, r-devel-linux-x86_64-fedora-gcc, r-patched-linux-x86_64, r-release-linux-x86_64, r-release-macos-arm64, r-release-macos-x86_64, r-release-windows-x86_64, r-oldrel-macos-arm64, r-oldrel-macos-x86_64, r-oldrel-windows-ix86+x86_64