Last updated on 2022-04-24 03:52:35 CEST.
Flavor | Version | Tinstall | Tcheck | Ttotal | Status | Flags |
---|---|---|---|---|---|---|
r-devel-linux-x86_64-debian-clang | 1.1 | 9.24 | 85.16 | 94.40 | NOTE | |
r-devel-linux-x86_64-debian-gcc | 1.1 | 6.64 | 63.14 | 69.78 | NOTE | |
r-devel-linux-x86_64-fedora-clang | 1.1 | 115.23 | NOTE | |||
r-devel-linux-x86_64-fedora-gcc | 1.1 | 98.36 | NOTE | |||
r-patched-linux-x86_64 | 1.1 | 8.89 | 80.05 | 88.94 | NOTE | |
r-release-linux-x86_64 | 1.1 | 8.01 | 75.99 | 84.00 | NOTE | |
r-release-macos-arm64 | 1.1 | NOTE | ||||
r-release-macos-x86_64 | 1.1 | NOTE | ||||
r-release-windows-x86_64 | 1.1 | 20.00 | 96.00 | 116.00 | NOTE | |
r-oldrel-macos-arm64 | 1.1 | NOTE | ||||
r-oldrel-macos-x86_64 | 1.1 | NOTE | ||||
r-oldrel-windows-ix86+x86_64 | 1.1 | 18.00 | 88.00 | 106.00 | NOTE |
Version: 1.1
Check: DESCRIPTION meta-information
Result: NOTE
Malformed Description field: should contain one or more complete sentences.
Flavors: r-devel-linux-x86_64-debian-clang, r-devel-linux-x86_64-debian-gcc, r-devel-linux-x86_64-fedora-clang, r-devel-linux-x86_64-fedora-gcc, r-patched-linux-x86_64, r-release-linux-x86_64, r-release-macos-arm64, r-release-macos-x86_64, r-release-windows-x86_64, r-oldrel-macos-arm64, r-oldrel-macos-x86_64, r-oldrel-windows-ix86+x86_64
Version: 1.1
Check: R code for possible problems
Result: NOTE
BiogTest.individual: no visible global function definition for 'combn'
BiogTest.individual: no visible global function definition for 'runif'
BiogTest.individual: no visible global function definition for 'rlnorm'
BiogTest.individual: no visible global function definition for
'rnbinom'
BiogTest.sample: no visible global function definition for 'combn'
BiogTest.sample: no visible global function definition for 'runif'
BiogTest.sample: no visible global function definition for 'rlnorm'
BiogTest.sample: no visible global function definition for 'rnbinom'
BiogTest.sample: no visible global function definition for 'aggregate'
EcoTest.individual: no visible global function definition for 'xtabs'
plot.BiogTest: no visible global function definition for 'quantile'
plot.BiogTest: no visible global function definition for 'combn'
plot.EcoTest: no visible global function definition for 'quantile'
Undefined global functions or variables:
aggregate combn quantile rlnorm rnbinom runif xtabs
Consider adding
importFrom("stats", "aggregate", "quantile", "rlnorm", "rnbinom",
"runif", "xtabs")
importFrom("utils", "combn")
to your NAMESPACE file.
Flavors: r-devel-linux-x86_64-debian-clang, r-devel-linux-x86_64-debian-gcc, r-devel-linux-x86_64-fedora-clang, r-devel-linux-x86_64-fedora-gcc, r-patched-linux-x86_64, r-release-linux-x86_64, r-release-macos-arm64, r-release-macos-x86_64, r-release-windows-x86_64, r-oldrel-macos-arm64, r-oldrel-macos-x86_64, r-oldrel-windows-ix86+x86_64