Last updated on 2022-04-24 03:52:35 CEST.
Flavor | Version | Tinstall | Tcheck | Ttotal | Status | Flags |
---|---|---|---|---|---|---|
r-devel-linux-x86_64-debian-clang | 1.0.0 | 1.81 | 29.83 | 31.64 | NOTE | |
r-devel-linux-x86_64-debian-gcc | 1.0.0 | 1.41 | 22.53 | 23.94 | NOTE | |
r-devel-linux-x86_64-fedora-clang | 1.0.0 | 37.99 | NOTE | |||
r-devel-linux-x86_64-fedora-gcc | 1.0.0 | 26.73 | NOTE | |||
r-patched-linux-x86_64 | 1.0.0 | 1.33 | 28.48 | 29.81 | NOTE | |
r-release-linux-x86_64 | 1.0.0 | 1.50 | 27.81 | 29.31 | NOTE | |
r-release-macos-arm64 | 1.0.0 | NOTE | ||||
r-release-macos-x86_64 | 1.0.0 | NOTE | ||||
r-release-windows-x86_64 | 1.0.0 | 11.00 | 46.00 | 57.00 | NOTE | |
r-oldrel-macos-arm64 | 1.0.0 | NOTE | ||||
r-oldrel-macos-x86_64 | 1.0.0 | NOTE | ||||
r-oldrel-windows-ix86+x86_64 | 1.0.0 | 4.00 | 35.00 | 39.00 | NOTE |
Version: 1.0.0
Check: LazyData
Result: NOTE
'LazyData' is specified without a 'data' directory
Flavors: r-devel-linux-x86_64-debian-clang, r-devel-linux-x86_64-debian-gcc, r-devel-linux-x86_64-fedora-clang, r-devel-linux-x86_64-fedora-gcc, r-patched-linux-x86_64, r-release-linux-x86_64, r-release-macos-arm64, r-release-macos-x86_64, r-release-windows-x86_64, r-oldrel-macos-arm64, r-oldrel-macos-x86_64, r-oldrel-windows-ix86+x86_64