Last updated on 2022-04-24 03:52:35 CEST.
Flavor | Version | Tinstall | Tcheck | Ttotal | Status | Flags |
---|---|---|---|---|---|---|
r-devel-linux-x86_64-debian-clang | 3.5-15 | 246.23 | 487.74 | 733.97 | WARN | |
r-devel-linux-x86_64-debian-gcc | 3.5-15 | 194.83 | 355.89 | 550.72 | OK | |
r-devel-linux-x86_64-fedora-clang | 3.5-15 | 1004.13 | WARN | |||
r-devel-linux-x86_64-fedora-gcc | 3.5-15 | 878.42 | OK | |||
r-patched-linux-x86_64 | 3.5-15 | 205.13 | 458.07 | 663.20 | OK | |
r-release-linux-x86_64 | 3.5-15 | 207.23 | 438.91 | 646.14 | OK | |
r-release-macos-arm64 | 3.5-15 | NOTE | ||||
r-release-macos-x86_64 | 3.5-15 | NOTE | ||||
r-release-windows-x86_64 | 3.5-15 | 333.00 | 522.00 | 855.00 | NOTE | |
r-oldrel-macos-arm64 | 3.5-15 | NOTE | ||||
r-oldrel-macos-x86_64 | 3.5-15 | NOTE | ||||
r-oldrel-windows-ix86+x86_64 | 3.5-15 | 522.00 | 714.00 | 1236.00 | NOTE |
Version: 3.5-15
Check: whether package can be installed
Result: WARN
Found the following significant warnings:
clamp.cpp:23:9: warning: use of bitwise '|' with boolean operands [-Wbitwise-instead-of-logical]
reclass.cpp:54:11: warning: use of bitwise '&' with boolean operands [-Wbitwise-instead-of-logical]
reclass.cpp:86:12: warning: use of bitwise '&' with boolean operands [-Wbitwise-instead-of-logical]
reclass.cpp:102:12: warning: use of bitwise '&' with boolean operands [-Wbitwise-instead-of-logical]
reclass.cpp:132:12: warning: use of bitwise '&' with boolean operands [-Wbitwise-instead-of-logical]
reclass.cpp:148:12: warning: use of bitwise '&' with boolean operands [-Wbitwise-instead-of-logical]
Flavors: r-devel-linux-x86_64-debian-clang, r-devel-linux-x86_64-fedora-clang
Version: 3.5-15
Check: installed package size
Result: NOTE
installed size is 9.2Mb
sub-directories of 1Mb or more:
R 3.1Mb
libs 5.1Mb
Flavors: r-devel-linux-x86_64-fedora-clang, r-release-macos-arm64, r-release-macos-x86_64, r-release-windows-x86_64, r-oldrel-macos-arm64, r-oldrel-macos-x86_64, r-oldrel-windows-ix86+x86_64