Last updated on 2022-04-24 03:52:35 CEST.
Flavor | Version | Tinstall | Tcheck | Ttotal | Status | Flags |
---|---|---|---|---|---|---|
r-devel-linux-x86_64-debian-clang | 0.3.1 | 26.39 | 298.64 | 325.03 | NOTE | |
r-devel-linux-x86_64-debian-gcc | 0.3.1 | 22.78 | 213.26 | 236.04 | NOTE | |
r-devel-linux-x86_64-fedora-clang | 0.3.1 | 382.77 | NOTE | |||
r-devel-linux-x86_64-fedora-gcc | 0.3.1 | 361.99 | NOTE | |||
r-patched-linux-x86_64 | 0.3.1 | 25.98 | 279.78 | 305.76 | NOTE | |
r-release-linux-x86_64 | 0.3.1 | 26.06 | 252.31 | 278.37 | NOTE | |
r-release-macos-arm64 | 0.3.1 | NOTE | ||||
r-release-macos-x86_64 | 0.3.1 | NOTE | ||||
r-release-windows-x86_64 | 0.3.1 | 33.00 | 274.00 | 307.00 | NOTE | |
r-oldrel-macos-arm64 | 0.3.1 | NOTE | ||||
r-oldrel-macos-x86_64 | 0.3.1 | NOTE | ||||
r-oldrel-windows-ix86+x86_64 | 0.3.1 | 66.00 | 273.00 | 339.00 | NOTE |
Version: 0.3.1
Check: LazyData
Result: NOTE
'LazyData' is specified without a 'data' directory
Flavors: r-devel-linux-x86_64-debian-clang, r-devel-linux-x86_64-debian-gcc, r-devel-linux-x86_64-fedora-clang, r-devel-linux-x86_64-fedora-gcc, r-patched-linux-x86_64, r-release-linux-x86_64, r-release-macos-arm64, r-release-macos-x86_64, r-release-windows-x86_64, r-oldrel-macos-arm64, r-oldrel-macos-x86_64, r-oldrel-windows-ix86+x86_64