Last updated on 2022-04-24 03:52:35 CEST.
Flavor | Version | Tinstall | Tcheck | Ttotal | Status | Flags |
---|---|---|---|---|---|---|
r-devel-linux-x86_64-debian-clang | 0.2.0 | 34.54 | 114.59 | 149.13 | NOTE | |
r-devel-linux-x86_64-debian-gcc | 0.2.0 | 28.20 | 82.29 | 110.49 | NOTE | |
r-devel-linux-x86_64-fedora-clang | 0.2.0 | 190.76 | NOTE | |||
r-devel-linux-x86_64-fedora-gcc | 0.2.0 | 164.40 | NOTE | |||
r-patched-linux-x86_64 | 0.2.0 | 27.95 | 103.41 | 131.36 | NOTE | |
r-release-linux-x86_64 | 0.2.0 | 22.28 | 99.43 | 121.71 | NOTE | |
r-release-macos-arm64 | 0.2.0 | NOTE | ||||
r-release-macos-x86_64 | 0.2.0 | NOTE | ||||
r-release-windows-x86_64 | 0.2.0 | 68.00 | 146.00 | 214.00 | NOTE | |
r-oldrel-macos-arm64 | 0.2.0 | NOTE | ||||
r-oldrel-macos-x86_64 | 0.2.0 | NOTE | ||||
r-oldrel-windows-ix86+x86_64 | 0.2.0 | 84.00 | 176.00 | 260.00 | NOTE |
Version: 0.2.0
Check: LazyData
Result: NOTE
'LazyData' is specified without a 'data' directory
Flavors: r-devel-linux-x86_64-debian-clang, r-devel-linux-x86_64-debian-gcc, r-devel-linux-x86_64-fedora-clang, r-devel-linux-x86_64-fedora-gcc, r-patched-linux-x86_64, r-release-linux-x86_64, r-release-macos-arm64, r-release-macos-x86_64, r-release-windows-x86_64, r-oldrel-macos-arm64, r-oldrel-macos-x86_64, r-oldrel-windows-ix86+x86_64
Version: 0.2.0
Check: Rd cross-references
Result: NOTE
Undeclared package ‘crosstalk’ in Rd xrefs
Flavor: r-devel-linux-x86_64-fedora-clang