Last updated on 2022-04-24 03:52:35 CEST.
Flavor | Version | Tinstall | Tcheck | Ttotal | Status | Flags |
---|---|---|---|---|---|---|
r-devel-linux-x86_64-debian-clang | 1.2.0 | 461.61 | 171.19 | 632.80 | NOTE | |
r-devel-linux-x86_64-debian-gcc | 1.2.0 | 433.89 | 142.60 | 576.49 | NOTE | |
r-devel-linux-x86_64-fedora-clang | 1.2.0 | 879.70 | NOTE | |||
r-devel-linux-x86_64-fedora-gcc | 1.2.0 | 924.00 | NOTE | |||
r-patched-linux-x86_64 | 1.2.0 | 337.78 | 188.11 | 525.89 | NOTE | |
r-release-linux-x86_64 | 1.2.0 | 418.46 | 176.09 | 594.55 | NOTE | |
r-release-macos-arm64 | 1.2.0 | NOTE | ||||
r-release-macos-x86_64 | 1.2.0 | NOTE | ||||
r-release-windows-x86_64 | 1.2.0 | 310.00 | 245.00 | 555.00 | NOTE | |
r-oldrel-macos-arm64 | 1.2.0 | NOTE | ||||
r-oldrel-macos-x86_64 | 1.2.0 | NOTE | ||||
r-oldrel-windows-ix86+x86_64 | 1.2.0 | 810.00 | 9.00 | 819.00 | ERROR |
Version: 1.2.0
Check: for GNU extensions in Makefiles
Result: NOTE
GNU make is a SystemRequirements.
Flavors: r-devel-linux-x86_64-debian-clang, r-devel-linux-x86_64-debian-gcc, r-devel-linux-x86_64-fedora-clang, r-devel-linux-x86_64-fedora-gcc, r-patched-linux-x86_64, r-release-linux-x86_64, r-release-macos-arm64, r-release-macos-x86_64, r-release-windows-x86_64, r-oldrel-macos-arm64, r-oldrel-macos-x86_64
Version: 1.2.0
Check: installed package size
Result: NOTE
installed size is 51.2Mb
sub-directories of 1Mb or more:
libs 50.4Mb
Flavors: r-devel-linux-x86_64-fedora-clang, r-release-macos-arm64, r-release-macos-x86_64, r-oldrel-macos-arm64, r-oldrel-macos-x86_64
Version: 1.2.0
Check: whether package can be installed
Result: ERROR
Installation failed.
Flavor: r-oldrel-windows-ix86+x86_64