Last updated on 2022-04-24 03:52:35 CEST.
Flavor | Version | Tinstall | Tcheck | Ttotal | Status | Flags |
---|---|---|---|---|---|---|
r-devel-linux-x86_64-debian-clang | 1.0-2 | 1.99 | 34.26 | 36.25 | NOTE | |
r-devel-linux-x86_64-debian-gcc | 1.0-2 | 1.45 | 26.26 | 27.71 | NOTE | |
r-devel-linux-x86_64-fedora-clang | 1.0-2 | 46.34 | NOTE | |||
r-devel-linux-x86_64-fedora-gcc | 1.0-2 | 33.86 | NOTE | |||
r-patched-linux-x86_64 | 1.0-2 | 1.68 | 32.94 | 34.62 | NOTE | |
r-release-linux-x86_64 | 1.0-2 | 1.38 | 32.37 | 33.75 | NOTE | |
r-release-macos-arm64 | 1.0-2 | NOTE | ||||
r-release-macos-x86_64 | 1.0-2 | NOTE | ||||
r-release-windows-x86_64 | 1.0-2 | 22.00 | 58.00 | 80.00 | NOTE | |
r-oldrel-macos-arm64 | 1.0-2 | NOTE | ||||
r-oldrel-macos-x86_64 | 1.0-2 | NOTE | ||||
r-oldrel-windows-ix86+x86_64 | 1.0-2 | 4.00 | 31.00 | 35.00 | NOTE |
Version: 1.0-2
Check: R code for possible problems
Result: NOTE
rateratio.test: no visible global function definition for
'complete.cases'
rateratio.test: no visible global function definition for 'pbinom'
rateratio.test : p.L: no visible global function definition for 'qbeta'
rateratio.test : p.U: no visible global function definition for 'qbeta'
Undefined global functions or variables:
complete.cases pbinom qbeta
Consider adding
importFrom("stats", "complete.cases", "pbinom", "qbeta")
to your NAMESPACE file.
Flavors: r-devel-linux-x86_64-debian-clang, r-devel-linux-x86_64-debian-gcc, r-devel-linux-x86_64-fedora-clang, r-devel-linux-x86_64-fedora-gcc, r-patched-linux-x86_64, r-release-linux-x86_64, r-release-macos-arm64, r-release-macos-x86_64, r-release-windows-x86_64, r-oldrel-macos-arm64, r-oldrel-macos-x86_64, r-oldrel-windows-ix86+x86_64