Last updated on 2022-04-24 03:52:35 CEST.
Flavor | Version | Tinstall | Tcheck | Ttotal | Status | Flags |
---|---|---|---|---|---|---|
r-devel-linux-x86_64-debian-clang | 2.0.1 | 2.34 | 41.40 | 43.74 | NOTE | |
r-devel-linux-x86_64-debian-gcc | 2.0.1 | 2.25 | 30.16 | 32.41 | NOTE | |
r-devel-linux-x86_64-fedora-clang | 2.0.1 | 52.75 | NOTE | |||
r-devel-linux-x86_64-fedora-gcc | 2.0.1 | 39.57 | NOTE | |||
r-patched-linux-x86_64 | 2.0.1 | 3.14 | 38.95 | 42.09 | NOTE | |
r-release-linux-x86_64 | 2.0.1 | 2.42 | 38.21 | 40.63 | NOTE | |
r-release-macos-arm64 | 2.0.1 | NOTE | ||||
r-release-macos-x86_64 | 2.0.1 | NOTE | ||||
r-release-windows-x86_64 | 2.0.1 | 14.00 | 52.00 | 66.00 | NOTE | |
r-oldrel-macos-arm64 | 2.0.1 | NOTE | ||||
r-oldrel-macos-x86_64 | 2.0.1 | NOTE | ||||
r-oldrel-windows-ix86+x86_64 | 2.0.1 | 6.00 | 32.00 | 38.00 | NOTE |
Version: 2.0.1
Check: R code for possible problems
Result: NOTE
concordance: no visible global function definition for 'quantile'
concordance : Normal: no visible global function definition for 'qnorm'
concordance : Normal: no visible global function definition for 'pnorm'
concordance : MC: no visible global function definition for 'rmultinom'
concordance : MC: no visible global function definition for 'quantile'
concordance: no visible global function definition for 'qnorm'
concordance: no visible global function definition for 'pnorm'
concordance : Chisq: no visible global function definition for 'qchisq'
concordance : Chisq: no visible global function definition for 'pchisq'
concordance : Normal2: no visible global function definition for
'qnorm'
concordance : Normal2: no visible global function definition for
'pnorm'
concordance : MC2: no visible global function definition for
'rmultinom'
concordance : MC2: no visible global function definition for 'quantile'
wlin.conc: no visible global function definition for 'quantile'
wlin.conc : MC: no visible global function definition for 'rmultinom'
wlin.conc : MC: no visible global function definition for 'quantile'
wquad.conc: no visible global function definition for 'quantile'
wquad.conc : MC: no visible global function definition for 'rmultinom'
wquad.conc : MC: no visible global function definition for 'quantile'
Undefined global functions or variables:
pchisq pnorm qchisq qnorm quantile rmultinom
Consider adding
importFrom("stats", "pchisq", "pnorm", "qchisq", "qnorm", "quantile",
"rmultinom")
to your NAMESPACE file.
Flavors: r-devel-linux-x86_64-debian-clang, r-devel-linux-x86_64-debian-gcc, r-devel-linux-x86_64-fedora-clang, r-devel-linux-x86_64-fedora-gcc, r-patched-linux-x86_64, r-release-linux-x86_64, r-release-macos-arm64, r-release-macos-x86_64, r-release-windows-x86_64, r-oldrel-macos-arm64, r-oldrel-macos-x86_64, r-oldrel-windows-ix86+x86_64