Last updated on 2022-04-24 03:52:35 CEST.
Flavor | Version | Tinstall | Tcheck | Ttotal | Status | Flags |
---|---|---|---|---|---|---|
r-devel-linux-x86_64-debian-clang | 0.23.6 | 408.68 | 91.54 | 500.22 | OK | |
r-devel-linux-x86_64-debian-gcc | 0.23.6 | 322.98 | 67.26 | 390.24 | OK | |
r-devel-linux-x86_64-fedora-clang | 0.23.6 | 725.79 | NOTE | |||
r-devel-linux-x86_64-fedora-gcc | 0.23.6 | 644.22 | OK | |||
r-patched-linux-x86_64 | 0.23.6 | 344.03 | 88.41 | 432.44 | OK | |
r-release-linux-x86_64 | 0.23.6 | 351.21 | 84.51 | 435.72 | OK | |
r-release-macos-arm64 | 0.23.6 | NOTE | ||||
r-release-macos-x86_64 | 0.23.6 | NOTE | ||||
r-release-windows-x86_64 | 0.23.6 | 332.00 | 144.00 | 476.00 | OK | |
r-oldrel-macos-arm64 | 0.23.6 | NOTE | ||||
r-oldrel-macos-x86_64 | 0.23.6 | NOTE | ||||
r-oldrel-windows-ix86+x86_64 | 0.23.6 | 915.00 | 163.00 | 1078.00 | NOTE |
Version: 0.23.6
Check: installed package size
Result: NOTE
installed size is 13.3Mb
sub-directories of 1Mb or more:
libs 12.7Mb
Flavors: r-devel-linux-x86_64-fedora-clang, r-release-macos-arm64, r-release-macos-x86_64, r-oldrel-macos-arm64, r-oldrel-macos-x86_64, r-oldrel-windows-ix86+x86_64