Last updated on 2022-04-24 03:52:35 CEST.
Flavor | Version | Tinstall | Tcheck | Ttotal | Status | Flags |
---|---|---|---|---|---|---|
r-devel-linux-x86_64-debian-clang | 0.24.10 | 116.83 | 156.52 | 273.35 | OK | |
r-devel-linux-x86_64-debian-gcc | 0.24.10 | 92.81 | 116.72 | 209.53 | OK | |
r-devel-linux-x86_64-fedora-clang | 0.24.10 | 389.67 | NOTE | |||
r-devel-linux-x86_64-fedora-gcc | 0.24.10 | 331.93 | OK | |||
r-patched-linux-x86_64 | 0.24.10 | 97.99 | 151.77 | 249.76 | OK | |
r-release-linux-x86_64 | 0.24.10 | 98.51 | 131.24 | 229.75 | OK | |
r-release-macos-arm64 | 0.24.10 | NOTE | ||||
r-release-macos-x86_64 | 0.24.10 | NOTE | ||||
r-release-windows-x86_64 | 0.24.10 | 132.00 | 208.00 | 340.00 | OK | |
r-oldrel-macos-arm64 | 0.24.10 | NOTE | ||||
r-oldrel-macos-x86_64 | 0.24.10 | NOTE | ||||
r-oldrel-windows-ix86+x86_64 | 0.24.10 | 266.00 | 224.00 | 490.00 | NOTE |
Version: 0.24.10
Check: installed package size
Result: NOTE
installed size is 6.2Mb
sub-directories of 1Mb or more:
data 3.0Mb
libs 2.7Mb
Flavors: r-devel-linux-x86_64-fedora-clang, r-release-macos-arm64, r-release-macos-x86_64, r-oldrel-macos-arm64, r-oldrel-macos-x86_64, r-oldrel-windows-ix86+x86_64