Last updated on 2022-04-24 03:52:35 CEST.
Flavor | Version | Tinstall | Tcheck | Ttotal | Status | Flags |
---|---|---|---|---|---|---|
r-devel-linux-x86_64-debian-clang | 0.1.0 | 5.39 | 95.96 | 101.35 | NOTE | |
r-devel-linux-x86_64-debian-gcc | 0.1.0 | 3.78 | 71.20 | 74.98 | NOTE | |
r-devel-linux-x86_64-fedora-clang | 0.1.0 | 119.20 | NOTE | |||
r-devel-linux-x86_64-fedora-gcc | 0.1.0 | 106.26 | NOTE | |||
r-patched-linux-x86_64 | 0.1.0 | 5.53 | 90.01 | 95.54 | OK | |
r-release-linux-x86_64 | 0.1.0 | 4.10 | 86.44 | 90.54 | OK | |
r-release-macos-arm64 | 0.1.0 | OK | ||||
r-release-macos-x86_64 | 0.1.0 | OK | ||||
r-release-windows-x86_64 | 0.1.0 | 24.00 | 105.00 | 129.00 | OK | |
r-oldrel-macos-arm64 | 0.1.0 | OK | ||||
r-oldrel-macos-x86_64 | 0.1.0 | OK | ||||
r-oldrel-windows-ix86+x86_64 | 0.1.0 | 15.00 | 103.00 | 118.00 | OK |
Version: 0.1.0
Check: Rd files
Result: NOTE
checkRd: (7) file 'coastlines.Rd': \item in \describe must have non-empty label
Flavors: r-devel-linux-x86_64-debian-clang, r-devel-linux-x86_64-debian-gcc, r-devel-linux-x86_64-fedora-clang, r-devel-linux-x86_64-fedora-gcc