Last updated on 2022-04-24 03:52:35 CEST.
Flavor | Version | Tinstall | Tcheck | Ttotal | Status | Flags |
---|---|---|---|---|---|---|
r-devel-linux-x86_64-debian-clang | 0.3.3 | 139.27 | 55.70 | 194.97 | OK | |
r-devel-linux-x86_64-debian-gcc | 0.3.3 | 111.60 | 42.52 | 154.12 | OK | |
r-devel-linux-x86_64-fedora-clang | 0.3.3 | 288.74 | NOTE | |||
r-devel-linux-x86_64-fedora-gcc | 0.3.3 | 248.97 | OK | |||
r-patched-linux-x86_64 | 0.3.3 | 118.33 | 53.02 | 171.35 | OK | |
r-release-linux-x86_64 | 0.3.3 | 116.64 | 52.19 | 168.83 | OK | |
r-release-macos-arm64 | 0.3.3 | NOTE | ||||
r-release-macos-x86_64 | 0.3.3 | NOTE | ||||
r-release-windows-x86_64 | 0.3.3 | 201.00 | 108.00 | 309.00 | OK | |
r-oldrel-macos-arm64 | 0.3.3 | NOTE | ||||
r-oldrel-macos-x86_64 | 0.3.3 | NOTE | ||||
r-oldrel-windows-ix86+x86_64 | 0.3.3 | 308.00 | 102.00 | 410.00 | OK |
Version: 0.3.3
Check: installed package size
Result: NOTE
installed size is 6.8Mb
sub-directories of 1Mb or more:
libs 6.3Mb
Flavors: r-devel-linux-x86_64-fedora-clang, r-release-macos-arm64, r-release-macos-x86_64, r-oldrel-macos-arm64, r-oldrel-macos-x86_64