Last updated on 2022-04-24 03:52:35 CEST.
Flavor | Version | Tinstall | Tcheck | Ttotal | Status | Flags |
---|---|---|---|---|---|---|
r-devel-linux-x86_64-debian-clang | 0.2.0 | 68.96 | 72.67 | 141.63 | OK | |
r-devel-linux-x86_64-debian-gcc | 0.2.0 | 58.19 | 53.79 | 111.98 | OK | |
r-devel-linux-x86_64-fedora-clang | 0.2.0 | 215.20 | NOTE | |||
r-devel-linux-x86_64-fedora-gcc | 0.2.0 | 168.93 | NOTE | |||
r-patched-linux-x86_64 | 0.2.0 | 52.43 | 67.19 | 119.62 | OK | |
r-release-linux-x86_64 | 0.2.0 | 58.25 | 66.74 | 124.99 | OK | |
r-release-macos-arm64 | 0.2.0 | NOTE | ||||
r-release-macos-x86_64 | 0.2.0 | NOTE | ||||
r-release-windows-x86_64 | 0.2.0 | 182.00 | 111.00 | 293.00 | OK | |
r-oldrel-macos-arm64 | 0.2.0 | NOTE | ||||
r-oldrel-macos-x86_64 | 0.2.0 | NOTE | ||||
r-oldrel-windows-ix86+x86_64 | 0.2.0 | 152.00 | 123.00 | 275.00 | OK |
Version: 0.2.0
Check: for GNU extensions in Makefiles
Result: NOTE
GNU make is a SystemRequirements.
Flavors: r-devel-linux-x86_64-fedora-clang, r-devel-linux-x86_64-fedora-gcc, r-release-macos-arm64, r-release-macos-x86_64, r-oldrel-macos-arm64, r-oldrel-macos-x86_64
Version: 0.2.0
Check: installed package size
Result: NOTE
installed size is 5.7Mb
sub-directories of 1Mb or more:
libs 4.3Mb
Flavors: r-release-macos-arm64, r-release-macos-x86_64, r-oldrel-macos-arm64, r-oldrel-macos-x86_64