Last updated on 2022-04-24 03:52:35 CEST.
Flavor | Version | Tinstall | Tcheck | Ttotal | Status | Flags |
---|---|---|---|---|---|---|
r-devel-linux-x86_64-debian-clang | 1.0.5 | 14.06 | 170.98 | 185.04 | OK | |
r-devel-linux-x86_64-debian-gcc | 1.0.5 | 10.98 | 126.34 | 137.32 | OK | |
r-devel-linux-x86_64-fedora-clang | 1.0.5 | 216.43 | NOTE | |||
r-devel-linux-x86_64-fedora-gcc | 1.0.5 | 200.60 | NOTE | |||
r-patched-linux-x86_64 | 1.0.5 | 14.52 | 156.58 | 171.10 | OK | |
r-release-linux-x86_64 | 1.0.5 | 12.79 | 156.63 | 169.42 | OK | |
r-release-macos-arm64 | 1.0.5 | NOTE | ||||
r-release-macos-x86_64 | 1.0.5 | NOTE | ||||
r-release-windows-x86_64 | 1.0.5 | 28.00 | 178.00 | 206.00 | OK | |
r-oldrel-macos-arm64 | 1.0.5 | NOTE | ||||
r-oldrel-macos-x86_64 | 1.0.5 | NOTE | ||||
r-oldrel-windows-ix86+x86_64 | 1.0.5 | 28.00 | 175.00 | 203.00 | OK |
Version: 1.0.5
Check: data for non-ASCII characters
Result: NOTE
Note: found 8 marked UTF-8 strings
Flavors: r-devel-linux-x86_64-fedora-clang, r-devel-linux-x86_64-fedora-gcc, r-release-macos-arm64, r-release-macos-x86_64, r-oldrel-macos-arm64, r-oldrel-macos-x86_64