Last updated on 2022-04-24 03:52:35 CEST.
Flavor | Version | Tinstall | Tcheck | Ttotal | Status | Flags |
---|---|---|---|---|---|---|
r-devel-linux-x86_64-debian-clang | 1.1-0 | 375.62 | 210.48 | 586.10 | NOTE | |
r-devel-linux-x86_64-debian-gcc | 1.1-0 | 328.03 | 167.46 | 495.49 | NOTE | |
r-devel-linux-x86_64-fedora-clang | 1.1-0 | 814.79 | NOTE | |||
r-devel-linux-x86_64-fedora-gcc | 1.1-0 | 803.53 | NOTE | |||
r-patched-linux-x86_64 | 1.1-0 | 260.78 | 215.75 | 476.53 | NOTE | |
r-release-linux-x86_64 | 1.1-0 | 296.26 | 201.58 | 497.84 | NOTE | |
r-release-macos-arm64 | 1.1-0 | NOTE | ||||
r-release-macos-x86_64 | 1.1-0 | NOTE | ||||
r-release-windows-x86_64 | 1.1-0 | 275.00 | 299.00 | 574.00 | NOTE | |
r-oldrel-macos-arm64 | 1.1-0 | NOTE | ||||
r-oldrel-macos-x86_64 | 1.1-0 | NOTE | ||||
r-oldrel-windows-ix86+x86_64 | 1.1-0 | 781.00 | 335.00 | 1116.00 | NOTE |
Version: 1.1-0
Check: for GNU extensions in Makefiles
Result: NOTE
GNU make is a SystemRequirements.
Flavors: r-devel-linux-x86_64-debian-clang, r-devel-linux-x86_64-debian-gcc, r-devel-linux-x86_64-fedora-clang, r-devel-linux-x86_64-fedora-gcc, r-patched-linux-x86_64, r-release-linux-x86_64, r-release-macos-arm64, r-release-macos-x86_64, r-release-windows-x86_64, r-oldrel-macos-arm64, r-oldrel-macos-x86_64, r-oldrel-windows-ix86+x86_64
Version: 1.1-0
Check: installed package size
Result: NOTE
installed size is 42.1Mb
sub-directories of 1Mb or more:
libs 41.5Mb
Flavors: r-devel-linux-x86_64-fedora-clang, r-release-macos-arm64, r-release-macos-x86_64, r-oldrel-macos-arm64, r-oldrel-macos-x86_64, r-oldrel-windows-ix86+x86_64