Last updated on 2022-04-24 03:52:35 CEST.
Flavor | Version | Tinstall | Tcheck | Ttotal | Status | Flags |
---|---|---|---|---|---|---|
r-devel-linux-x86_64-debian-clang | 0.7.6 | 8.98 | 88.22 | 97.20 | OK | |
r-devel-linux-x86_64-debian-gcc | 0.7.6 | 6.59 | 67.44 | 74.03 | OK | |
r-devel-linux-x86_64-fedora-clang | 0.7.6 | 116.49 | OK | |||
r-devel-linux-x86_64-fedora-gcc | 0.7.6 | 101.59 | OK | |||
r-patched-linux-x86_64 | 0.7.6 | 10.96 | 84.34 | 95.30 | OK | |
r-release-linux-x86_64 | 0.7.6 | 5.88 | 90.80 | 96.68 | OK | |
r-release-macos-arm64 | 0.7.6 | OK | ||||
r-release-macos-x86_64 | 0.7.6 | OK | ||||
r-release-windows-x86_64 | 0.7.6 | 86.00 | 239.00 | 325.00 | OK | |
r-oldrel-macos-arm64 | 0.7.6 | OK | ||||
r-oldrel-macos-x86_64 | 0.7.6 | OK | ||||
r-oldrel-windows-ix86+x86_64 | 0.7.6 | 14.00 | 93.00 | 107.00 | WARN |
Version: 0.7.6
Check: re-building of vignette outputs
Result: WARN
Error(s) in re-building vignettes:
--- re-building 'rbioapi.Rmd' using rmarkdown
Error: processing vignette 'rbioapi.Rmd' failed with diagnostics:
Using anchor_sections requires Pandoc 2.0+
--- failed re-building 'rbioapi.Rmd'
--- re-building 'rbioapi_do_enrich.Rmd' using rmarkdown
Error: processing vignette 'rbioapi_do_enrich.Rmd' failed with diagnostics:
Using anchor_sections requires Pandoc 2.0+
--- failed re-building 'rbioapi_do_enrich.Rmd'
--- re-building 'rbioapi_enrichr.Rmd' using rmarkdown
Error: processing vignette 'rbioapi_enrichr.Rmd' failed with diagnostics:
Using anchor_sections requires Pandoc 2.0+
--- failed re-building 'rbioapi_enrichr.Rmd'
--- re-building 'rbioapi_jaspar.Rmd' using rmarkdown
Error: processing vignette 'rbioapi_jaspar.Rmd' failed with diagnostics:
Using anchor_sections requires Pandoc 2.0+
--- failed re-building 'rbioapi_jaspar.Rmd'
--- re-building 'rbioapi_mieaa.Rmd' using rmarkdown
Error: processing vignette 'rbioapi_mieaa.Rmd' failed with diagnostics:
Using anchor_sections requires Pandoc 2.0+
--- failed re-building 'rbioapi_mieaa.Rmd'
--- re-building 'rbioapi_panther.Rmd' using rmarkdown
Error: processing vignette 'rbioapi_panther.Rmd' failed with diagnostics:
Using anchor_sections requires Pandoc 2.0+
--- failed re-building 'rbioapi_panther.Rmd'
--- re-building 'rbioapi_reactome.Rmd' using rmarkdown
Error: processing vignette 'rbioapi_reactome.Rmd' failed with diagnostics:
Using anchor_sections requires Pandoc 2.0+
--- failed re-building 'rbioapi_reactome.Rmd'
--- re-building 'rbioapi_string.Rmd' using rmarkdown
Error: processing vignette 'rbioapi_string.Rmd' failed with diagnostics:
Using anchor_sections requires Pandoc 2.0+
--- failed re-building 'rbioapi_string.Rmd'
--- re-building 'rbioapi_uniprot.Rmd' using rmarkdown
Error: processing vignette 'rbioapi_uniprot.Rmd' failed with diagnostics:
Using anchor_sections requires Pandoc 2.0+
--- failed re-building 'rbioapi_uniprot.Rmd'
SUMMARY: processing the following files failed:
'rbioapi.Rmd' 'rbioapi_do_enrich.Rmd' 'rbioapi_enrichr.Rmd'
'rbioapi_jaspar.Rmd' 'rbioapi_mieaa.Rmd' 'rbioapi_panther.Rmd'
'rbioapi_reactome.Rmd' 'rbioapi_string.Rmd' 'rbioapi_uniprot.Rmd'
Error: Vignette re-building failed.
Execution halted
Flavor: r-oldrel-windows-ix86+x86_64