Last updated on 2022-04-24 03:52:35 CEST.
Flavor | Version | Tinstall | Tcheck | Ttotal | Status | Flags |
---|---|---|---|---|---|---|
r-devel-linux-x86_64-debian-clang | 1.0.4 | 2.34 | 38.94 | 41.28 | NOTE | |
r-devel-linux-x86_64-debian-gcc | 1.0.4 | 2.24 | 29.64 | 31.88 | NOTE | |
r-devel-linux-x86_64-fedora-clang | 1.0.4 | 50.87 | NOTE | |||
r-devel-linux-x86_64-fedora-gcc | 1.0.4 | 38.19 | NOTE | |||
r-patched-linux-x86_64 | 1.0.4 | 2.08 | 37.45 | 39.53 | NOTE | |
r-release-linux-x86_64 | 1.0.4 | 1.97 | 36.21 | 38.18 | NOTE | |
r-release-macos-arm64 | 1.0.4 | NOTE | ||||
r-release-macos-x86_64 | 1.0.4 | NOTE | ||||
r-release-windows-x86_64 | 1.0.4 | 28.00 | 54.00 | 82.00 | NOTE | |
r-oldrel-macos-arm64 | 1.0.4 | NOTE | ||||
r-oldrel-macos-x86_64 | 1.0.4 | NOTE | ||||
r-oldrel-windows-ix86+x86_64 | 1.0.4 | 5.00 | 44.00 | 49.00 | NOTE |
Version: 1.0.4
Check: R code for possible problems
Result: NOTE
GetHistoricTradeData: no visible global function definition for
'read.csv'
Undefined global functions or variables:
read.csv
Consider adding
importFrom("utils", "read.csv")
to your NAMESPACE file.
Flavors: r-devel-linux-x86_64-debian-clang, r-devel-linux-x86_64-debian-gcc, r-devel-linux-x86_64-fedora-clang, r-devel-linux-x86_64-fedora-gcc, r-patched-linux-x86_64, r-release-linux-x86_64, r-release-macos-arm64, r-release-macos-x86_64, r-release-windows-x86_64, r-oldrel-macos-arm64, r-oldrel-macos-x86_64, r-oldrel-windows-ix86+x86_64