Last updated on 2022-04-24 03:52:35 CEST.
Flavor | Version | Tinstall | Tcheck | Ttotal | Status | Flags |
---|---|---|---|---|---|---|
r-devel-linux-x86_64-debian-clang | 1.0.2 | 43.11 | 83.94 | 127.05 | OK | |
r-devel-linux-x86_64-debian-gcc | 1.0.2 | 34.34 | 64.02 | 98.36 | OK | |
r-devel-linux-x86_64-fedora-clang | 1.0.2 | 170.70 | NOTE | |||
r-devel-linux-x86_64-fedora-gcc | 1.0.2 | 147.49 | NOTE | |||
r-patched-linux-x86_64 | 1.0.2 | 40.79 | 79.70 | 120.49 | OK | |
r-release-linux-x86_64 | 1.0.2 | 33.70 | 76.72 | 110.42 | OK | |
r-release-macos-arm64 | 1.0.2 | NOTE | ||||
r-release-macos-x86_64 | 1.0.2 | NOTE | ||||
r-release-windows-x86_64 | 1.0.2 | 41.00 | 117.00 | 158.00 | OK | |
r-oldrel-macos-arm64 | 1.0.2 | NOTE | ||||
r-oldrel-macos-x86_64 | 1.0.2 | NOTE | ||||
r-oldrel-windows-ix86+x86_64 | 1.0.2 | 103.00 | 132.00 | 235.00 | OK |
Version: 1.0.2
Check: dependencies in R code
Result: NOTE
Namespace in Imports field not imported from: ‘dplyr’
All declared Imports should be used.
Flavors: r-devel-linux-x86_64-fedora-clang, r-devel-linux-x86_64-fedora-gcc, r-release-macos-arm64, r-release-macos-x86_64, r-oldrel-macos-arm64, r-oldrel-macos-x86_64